{"id":5940,"date":"2024-06-25T08:15:45","date_gmt":"2024-06-25T08:15:45","guid":{"rendered":"https:\/\/selftherapie.com\/?post_type=temoignage&#038;p=5940"},"modified":"2024-07-03T09:03:09","modified_gmt":"2024-07-03T09:03:09","slug":"un-engagement-impressionnant","status":"publish","type":"temoignage","link":"https:\/\/selftherapie.com\/en\/temoignage\/un-engagement-impressionnant\/","title":{"rendered":"An impressive commitment"},"content":{"rendered":"<p>En tant que formatrice IFS Senior &#8211; IFS Lead Trainer [reconnue par The Center for Self Leadership], j&rsquo;ai eu le privil\u00e8ge de travailler avec Fran\u00e7ois d\u00e8s le d\u00e9but de son parcours qui l&rsquo;a conduit \u00e0 amener le mod\u00e8le IFS dans le monde francophone.\u00a0J&rsquo;ai beaucoup appr\u00e9ci\u00e9 de le guider dans sa formation pour devenir lui-m\u00eame formateur. J&rsquo;ai \u00e9t\u00e9 impressionn\u00e9e par son engagement vis \u00e0 vis du mod\u00e8le IFS, de ses patients, de ses stagiaires en formation, et de lui-m\u00eame. Ma consid\u00e9ration pour lui s&rsquo;est approfondie depuis cette p\u00e9riode et je salue aujourd&rsquo;hui son action au moment o\u00f9 il lance le mod\u00e8le Intelligence Relationnelle\u00ae.<\/p>\n","protected":false},"featured_media":0,"template":"","class_list":["post-5940","temoignage","type-temoignage","status-publish","hentry","wpbf-post"],"acf":[],"_links":{"self":[{"href":"https:\/\/selftherapie.com\/en\/wp-json\/wp\/v2\/temoignage\/5940","targetHints":{"allow":["GET"]}}],"collection":[{"href":"https:\/\/selftherapie.com\/en\/wp-json\/wp\/v2\/temoignage"}],"about":[{"href":"https:\/\/selftherapie.com\/en\/wp-json\/wp\/v2\/types\/temoignage"}],"wp:attachment":[{"href":"https:\/\/selftherapie.com\/en\/wp-json\/wp\/v2\/media?parent=5940"}],"curies":[{"name":"wp","href":"https:\/\/api.w.org\/{rel}","templated":true}]}}

<p>En tant que formatrice IFS Senior &#8211; IFS Lead Trainer [reconnue par The Center for Self Leadership], j&rsquo;ai eu le privilège de travailler avec François dès le début de son parcours qui l&rsquo;a conduit à amener le modèle IFS dans le monde francophone. J&rsquo;ai beaucoup apprécié de le guider dans sa formation pour devenir lui-même formateur. J&rsquo;ai été impressionnée par son engagement vis à vis du modèle IFS, de ses patients, de ses stagiaires en formation, et de lui-même. Ma considération pour lui s&rsquo;est approfondie depuis cette période et je salue aujourd&rsquo;hui son action au moment où il lance le modèle Intelligence Relationnelle®.</p>
