{"id":9807,"date":"2026-04-29T09:53:11","date_gmt":"2026-04-29T09:53:11","guid":{"rendered":"https:\/\/selftherapie.com\/lestherapeutes\/justine-caulliez\/"},"modified":"2026-04-29T09:53:12","modified_gmt":"2026-04-29T09:53:12","slug":"justine-caulliez-tg319","status":"publish","type":"lestherapeutes","link":"https:\/\/selftherapie.com\/en\/lestherapeutes\/justine-caulliez-tg319\/","title":{"rendered":"Justine CAULLIEZ"},"content":{"rendered":"<p>As a young adult, I discovered <span style=\"font-weight:bold\">Yoga <\/span>in 2004, then the <span style=\"font-weight:bold\">Non-Violent Communication\u00ae (NVC)<\/span> en 2006. C&rsquo;est une r\u00e9v\u00e9lation ! <\/p>\n<p>This is the beginning of my<span style=\"font-weight:bold\">\u00a0reconnecting with myself.<\/span> <\/p>\n<p>\u00a0<\/p>\n<p>Plusieurs pratiques et th\u00e9rapies m&rsquo;accompagnent sur ce chemin : \u00c9tats d&rsquo;Expansion de Conscience, Approche Centr\u00e9e sur la Personne, Accompagnement Individuel avec la CNV, Multiples Aspects Int\u00e9rieurs, Danse des 5 Rythmes&#8230;<\/p>\n<p>\u00a0<\/p>\n<p>Avec l&rsquo;\u00e9lan d&rsquo;accompagner et transmettre \u00e0 mon tour, je me forme et deviens d&rsquo;abord professeure de Yoga (certifi\u00e9e 2008) et coach de vie (certifi\u00e9e 2008), puis <span style=\"font-weight:bold\">psycho-practitioner<\/span> trained at\u2019<span style=\"font-weight:bold\"><span style=\"text-decoration:underline\"><a href=\"https:\/\/www.ai-cnv.com\" target=\"_blank\">Individual coaching with CNV\u00ae.<\/a><\/span><\/span> (graduate 2013), Multiple Inner Aspects\u00ae (2019), and Emotional Resolution (certified 2023). And also <span style=\"font-weight:bold\"><span style=\"text-decoration:underline\"><a href=\"https:\/\/lacoopcnv.com\/formateurs\/justine-caulliez\/\" target=\"_blank\">Nonviolent Communication\u00ae Trainer<\/a><\/span><\/span> (CNVC certified in 2021).<\/p>\n<p>\u00a0<\/p>\n<p>With the\u2019<span style=\"font-weight:bold\">Relational Intelligence\u00ae<\/span> (Cursus de base 2024, TDA 2025, Attachement 2026), je d\u00e9couvre une fa\u00e7on de lire et d&rsquo;accompagner ce qui se passe en s\u00e9ance avec une carte du territoire bien plus pr\u00e9cise et compl\u00e8te, particuli\u00e8rement adapt\u00e9e en cas traumatismes chroniques, pr\u00e9coces et relationnels (violence, abus et n\u00e9gligence dans l\u2019enfance, par des figures parentales notamment).<\/p>\n<p>\u00a0<\/p>\n<p><span style=\"font-weight:bold\">Having someone accompany me has changed my life, so why shouldn't you?<\/span><\/p>\n<p>We look forward to meeting you,<\/p>\n<p>Justine<\/p>\n<p>\u00a0<\/p>\n<p>I receive at <span style=\"font-weight:bold\">Narbonne<\/span> (free shuttle bus from the station) and <span style=\"font-weight:bold\">remotely.<\/span><\/p>\n<p>J&rsquo;accompagne les <span style=\"font-weight:bold\">adults<\/span>, <span style=\"font-weight:bold\">couples<\/span>, <span style=\"font-weight:bold\">families<\/span>.<\/p>","protected":false},"excerpt":{"rendered":"<p>Jeune adulte, je d\u00e9couvre le Yoga en 2004, puis la Communication NonViolente\u00ae (CNV) en 2006. C&rsquo;est une r\u00e9v\u00e9lation ! Je d\u00e9bute ainsi mon chemin de\u00a0reconnexion avec moi-m\u00eame. \u00a0 Plusieurs pratiques et th\u00e9rapies m&rsquo;accompagnent sur ce chemin : \u00c9tats d&rsquo;Expansion de Conscience, Approche Centr\u00e9e sur la Personne, Accompagnement Individuel avec la CNV, Multiples Aspects Int\u00e9rieurs, Danse [&hellip;]<\/p>\n","protected":false},"featured_media":0,"template":"","meta":{"_acf_changed":false},"statut_stf":[152],"seances_multilingues":[],"disponibilite":[138],"profession":[127],"competences_supplementaires":[],"consultation_a_distance":[136],"class_list":["post-9807","lestherapeutes","type-lestherapeutes","status-publish","hentry","statut_stf-therapeute-ir-en-parcours-junior","disponibilite-disponible","profession-psychopracticienne","consultation_a_distance-presentiel-et-a-distance","wpbf-post"],"acf":[],"_links":{"self":[{"href":"https:\/\/selftherapie.com\/en\/wp-json\/wp\/v2\/lestherapeutes\/9807","targetHints":{"allow":["GET"]}}],"collection":[{"href":"https:\/\/selftherapie.com\/en\/wp-json\/wp\/v2\/lestherapeutes"}],"about":[{"href":"https:\/\/selftherapie.com\/en\/wp-json\/wp\/v2\/types\/lestherapeutes"}],"wp:attachment":[{"href":"https:\/\/selftherapie.com\/en\/wp-json\/wp\/v2\/media?parent=9807"}],"wp:term":[{"taxonomy":"statut_stf","embeddable":true,"href":"https:\/\/selftherapie.com\/en\/wp-json\/wp\/v2\/statut_stf?post=9807"},{"taxonomy":"seances_multilingues","embeddable":true,"href":"https:\/\/selftherapie.com\/en\/wp-json\/wp\/v2\/seances_multilingues?post=9807"},{"taxonomy":"disponibilite","embeddable":true,"href":"https:\/\/selftherapie.com\/en\/wp-json\/wp\/v2\/disponibilite?post=9807"},{"taxonomy":"profession","embeddable":true,"href":"https:\/\/selftherapie.com\/en\/wp-json\/wp\/v2\/profession?post=9807"},{"taxonomy":"competences_supplementaires","embeddable":true,"href":"https:\/\/selftherapie.com\/en\/wp-json\/wp\/v2\/competences_supplementaires?post=9807"},{"taxonomy":"consultation_a_distance","embeddable":true,"href":"https:\/\/selftherapie.com\/en\/wp-json\/wp\/v2\/consultation_a_distance?post=9807"}],"curies":[{"name":"wp","href":"https:\/\/api.w.org\/{rel}","templated":true}]}}

<p>As a young adult, I discovered <span style="font-weight:bold">Yoga </span>in 2004, then the <span style="font-weight:bold">Non-Violent Communication® (NVC)</span> en 2006. C&rsquo;est une révélation ! </p>
<p>This is the beginning of my<span style="font-weight:bold"> reconnecting with myself.</span> </p>
<p> </p>
<p>Plusieurs pratiques et thérapies m&rsquo;accompagnent sur ce chemin : États d&rsquo;Expansion de Conscience, Approche Centrée sur la Personne, Accompagnement Individuel avec la CNV, Multiples Aspects Intérieurs, Danse des 5 Rythmes&#8230;</p>
<p> </p>
<p>Avec l&rsquo;élan d&rsquo;accompagner et transmettre à mon tour, je me forme et deviens d&rsquo;abord professeure de Yoga (certifiée 2008) et coach de vie (certifiée 2008), puis <span style="font-weight:bold">psycho-practitioner</span> trained at’<span style="font-weight:bold"><span style="text-decoration:underline"><a href="https://www.ai-cnv.com" target="_blank">Individual coaching with CNV®.</a></span></span> (graduate 2013), Multiple Inner Aspects® (2019), and Emotional Resolution (certified 2023). And also <span style="font-weight:bold"><span style="text-decoration:underline"><a href="https://lacoopcnv.com/formateurs/justine-caulliez/" target="_blank">Nonviolent Communication® Trainer</a></span></span> (CNVC certified in 2021).</p>
<p> </p>
<p>With the’<span style="font-weight:bold">Relational Intelligence®</span> (Cursus de base 2024, TDA 2025, Attachement 2026), je découvre une façon de lire et d&rsquo;accompagner ce qui se passe en séance avec une carte du territoire bien plus précise et complète, particulièrement adaptée en cas traumatismes chroniques, précoces et relationnels (violence, abus et négligence dans l’enfance, par des figures parentales notamment).</p>
<p> </p>
<p><span style="font-weight:bold">Having someone accompany me has changed my life, so why shouldn't you?</span></p>
<p>We look forward to meeting you,</p>
<p>Justine</p>
<p> </p>
<p>I receive at <span style="font-weight:bold">Narbonne</span> (free shuttle bus from the station) and <span style="font-weight:bold">remotely.</span></p>
<p>J&rsquo;accompagne les <span style="font-weight:bold">adults</span>, <span style="font-weight:bold">couples</span>, <span style="font-weight:bold">families</span>.</p>

<p>Jeune adulte, je découvre le Yoga en 2004, puis la Communication NonViolente® (CNV) en 2006. C&rsquo;est une révélation ! Je débute ainsi mon chemin de reconnexion avec moi-même.   Plusieurs pratiques et thérapies m&rsquo;accompagnent sur ce chemin : États d&rsquo;Expansion de Conscience, Approche Centrée sur la Personne, Accompagnement Individuel avec la CNV, Multiples Aspects Intérieurs, Danse [&hellip;]</p>
