{"id":9800,"date":"2026-04-29T09:53:18","date_gmt":"2026-04-29T09:53:18","guid":{"rendered":"https:\/\/selftherapie.com\/lestherapeutes\/iris-chasles\/"},"modified":"2026-04-29T09:53:18","modified_gmt":"2026-04-29T09:53:18","slug":"iris-chasles-tg312","status":"publish","type":"lestherapeutes","link":"https:\/\/selftherapie.com\/en\/lestherapeutes\/iris-chasles-tg312\/","title":{"rendered":"Iris CHASLES"},"content":{"rendered":"<p>Est-ce que vous aussi, \u00e7a vous arrive de vous dire ; j&rsquo;ai fait tellement de psychoth\u00e9rapie, de stages de d\u00e9veloppement personnel, &#8230; et je ne me sens toujours pas mieux ! Comment cela se fait-il ?<\/p>\n<p>Il y a des phases dans la vie o\u00f9 on ne comprend pas pourquoi, \u00ab\u00a0\u00e7a\u00a0\u00bb ne bouge pas. C&rsquo;est toujours aussi difficile et on se sent comme impuissant. Je suis aussi de nombreuses fois pass\u00e9e par l\u00e0 et je le revivrai s\u00fbrement encore, et je sais \u00f4 combien cela peut \u00eatre d\u00e9courageant. Vous n&rsquo;\u00eates pas seul avec \u00e7a et si vous \u00eates sur ce site, c&rsquo;est que vous avez compris sans doute, qu&rsquo;il y a souvent une diff\u00e9rence entre ce que l&rsquo;on comprend \u00ab\u00a0en haut\u00a0\u00bb et ce que l&rsquo;on sent \u00ab\u00a0en bas\u00a0\u00bb.<\/p>\n<p>On peut avoir conscience de tous ses traumas, sans pour autant vivre des changements au quotidien. C&rsquo;est justement l\u00e0 que, pour moi, l&rsquo;Intelligence Relationnelle a fait toute la diff\u00e9rence.<\/p>\n<p>L&rsquo;Intelligence Relationnelle est une approche th\u00e9rapeutique o\u00f9 le corps est le v\u00e9hicule d&rsquo;int\u00e9gration et de transcendance. Les empreintes de danger restent engramm\u00e9es dans notre corps et c&rsquo;est par l\u00e0 que nous pouvons nous en lib\u00e9rer.<\/p>\n<p>Je suis professeure de Yoga Int\u00e9gral depuis de nombreuses ann\u00e9es. J&rsquo;accompagne les \u00eatres sur un chemin de conscience pour aller \u00e0 la rencontre de leur essence v\u00e9ritable.<\/p>\n<p>J&rsquo;ai rencontr\u00e9 l&rsquo;Intelligence Relationnelle il y a quelques ann\u00e9es, et cette approche de la th\u00e9rapie a r\u00e9volutionn\u00e9 ma vie en bien des aspects et m&rsquo;a permis de me r\u00e9v\u00e9ler \u00e0 moi-m\u00eame.<\/p>\n<p>It's a precious gift to make this journey into your inner world and gradually bring back safety where danger once reigned.<\/p>\n<p>Me former au mod\u00e8le afin d&rsquo;accompagner \u00e0 mon tour est devenu une \u00e9vidence, comme une suite logique dans l&rsquo;accompagnement que je propose, car il passe par le corps qui est, \u00e0 mon sens la cl\u00e9 de vo\u00fbte pour enfin go\u00fbter \u00e0 plus de s\u00e9r\u00e9nit\u00e9.<\/p>\n<p>Reconnecting with your inner security is a necessary part of living openly and confidently in life.<\/p>\n<\/p>\n<p>For those who wish, my psycho-therapeutic support can be complemented by yoga therapy, in which I am also trained.<\/p>\n<p>Je propose \u00e9galement des s\u00e9ances en pr\u00e9sentiel dans l&rsquo;Aude, au sud de Limoux, o\u00f9 je r\u00e9side la moiti\u00e9 de l&rsquo;ann\u00e9e.<\/p>","protected":false},"excerpt":{"rendered":"<p>Est-ce que vous aussi, \u00e7a vous arrive de vous dire ; j&rsquo;ai fait tellement de psychoth\u00e9rapie, de stages de d\u00e9veloppement personnel, &#8230; et je ne me sens toujours pas mieux ! Comment cela se fait-il ? Il y a des phases dans la vie o\u00f9 on ne comprend pas pourquoi, \u00ab\u00a0\u00e7a\u00a0\u00bb ne bouge pas. C&rsquo;est [&hellip;]<\/p>\n","protected":false},"featured_media":0,"template":"","meta":{"_acf_changed":false},"statut_stf":[152],"seances_multilingues":[],"disponibilite":[138],"profession":[127],"competences_supplementaires":[],"consultation_a_distance":[136],"class_list":["post-9800","lestherapeutes","type-lestherapeutes","status-publish","hentry","statut_stf-therapeute-ir-en-parcours-junior","disponibilite-disponible","profession-psychopracticienne","consultation_a_distance-presentiel-et-a-distance","wpbf-post"],"acf":[],"_links":{"self":[{"href":"https:\/\/selftherapie.com\/en\/wp-json\/wp\/v2\/lestherapeutes\/9800","targetHints":{"allow":["GET"]}}],"collection":[{"href":"https:\/\/selftherapie.com\/en\/wp-json\/wp\/v2\/lestherapeutes"}],"about":[{"href":"https:\/\/selftherapie.com\/en\/wp-json\/wp\/v2\/types\/lestherapeutes"}],"wp:attachment":[{"href":"https:\/\/selftherapie.com\/en\/wp-json\/wp\/v2\/media?parent=9800"}],"wp:term":[{"taxonomy":"statut_stf","embeddable":true,"href":"https:\/\/selftherapie.com\/en\/wp-json\/wp\/v2\/statut_stf?post=9800"},{"taxonomy":"seances_multilingues","embeddable":true,"href":"https:\/\/selftherapie.com\/en\/wp-json\/wp\/v2\/seances_multilingues?post=9800"},{"taxonomy":"disponibilite","embeddable":true,"href":"https:\/\/selftherapie.com\/en\/wp-json\/wp\/v2\/disponibilite?post=9800"},{"taxonomy":"profession","embeddable":true,"href":"https:\/\/selftherapie.com\/en\/wp-json\/wp\/v2\/profession?post=9800"},{"taxonomy":"competences_supplementaires","embeddable":true,"href":"https:\/\/selftherapie.com\/en\/wp-json\/wp\/v2\/competences_supplementaires?post=9800"},{"taxonomy":"consultation_a_distance","embeddable":true,"href":"https:\/\/selftherapie.com\/en\/wp-json\/wp\/v2\/consultation_a_distance?post=9800"}],"curies":[{"name":"wp","href":"https:\/\/api.w.org\/{rel}","templated":true}]}}

<p>Est-ce que vous aussi, ça vous arrive de vous dire ; j&rsquo;ai fait tellement de psychothérapie, de stages de développement personnel, &#8230; et je ne me sens toujours pas mieux ! Comment cela se fait-il ?</p>
<p>Il y a des phases dans la vie où on ne comprend pas pourquoi, « ça » ne bouge pas. C&rsquo;est toujours aussi difficile et on se sent comme impuissant. Je suis aussi de nombreuses fois passée par là et je le revivrai sûrement encore, et je sais ô combien cela peut être décourageant. Vous n&rsquo;êtes pas seul avec ça et si vous êtes sur ce site, c&rsquo;est que vous avez compris sans doute, qu&rsquo;il y a souvent une différence entre ce que l&rsquo;on comprend « en haut » et ce que l&rsquo;on sent « en bas ».</p>
<p>On peut avoir conscience de tous ses traumas, sans pour autant vivre des changements au quotidien. C&rsquo;est justement là que, pour moi, l&rsquo;Intelligence Relationnelle a fait toute la différence.</p>
<p>L&rsquo;Intelligence Relationnelle est une approche thérapeutique où le corps est le véhicule d&rsquo;intégration et de transcendance. Les empreintes de danger restent engrammées dans notre corps et c&rsquo;est par là que nous pouvons nous en libérer.</p>
<p>Je suis professeure de Yoga Intégral depuis de nombreuses années. J&rsquo;accompagne les êtres sur un chemin de conscience pour aller à la rencontre de leur essence véritable.</p>
<p>J&rsquo;ai rencontré l&rsquo;Intelligence Relationnelle il y a quelques années, et cette approche de la thérapie a révolutionné ma vie en bien des aspects et m&rsquo;a permis de me révéler à moi-même.</p>
<p>It's a precious gift to make this journey into your inner world and gradually bring back safety where danger once reigned.</p>
<p>Me former au modèle afin d&rsquo;accompagner à mon tour est devenu une évidence, comme une suite logique dans l&rsquo;accompagnement que je propose, car il passe par le corps qui est, à mon sens la clé de voûte pour enfin goûter à plus de sérénité.</p>
<p>Reconnecting with your inner security is a necessary part of living openly and confidently in life.</p>
</p>
<p>For those who wish, my psycho-therapeutic support can be complemented by yoga therapy, in which I am also trained.</p>
<p>Je propose également des séances en présentiel dans l&rsquo;Aude, au sud de Limoux, où je réside la moitié de l&rsquo;année.</p>

<p>Est-ce que vous aussi, ça vous arrive de vous dire ; j&rsquo;ai fait tellement de psychothérapie, de stages de développement personnel, &#8230; et je ne me sens toujours pas mieux ! Comment cela se fait-il ? Il y a des phases dans la vie où on ne comprend pas pourquoi, « ça » ne bouge pas. C&rsquo;est [&hellip;]</p>
