{"id":9785,"date":"2026-04-29T09:53:18","date_gmt":"2026-04-29T09:53:18","guid":{"rendered":"https:\/\/selftherapie.com\/lestherapeutes\/manon-wattiau\/"},"modified":"2026-04-29T09:53:18","modified_gmt":"2026-04-29T09:53:18","slug":"manon-wattiau-tg299","status":"publish","type":"lestherapeutes","link":"https:\/\/selftherapie.com\/en\/lestherapeutes\/manon-wattiau-tg299\/","title":{"rendered":"Manon WATTIAU"},"content":{"rendered":"<p>I often hear people say that it's not easy to choose your \u00abshrink\u00bb, and I totally agree, having been there myself. How do you choose? On what criteria? What do we do when no one can recommend anyone?\u00a0\u00a0<\/p>\n<p>So I suggest you meet me through these few lines, and let yourself feel, in your body, what resonates; listen to what your nervous system sends you as information (does it say yes or no inside?).<\/p>\n<p>I'm first and foremost a human being, like you, with a nervous system, a brain, emotions and sensitivity. Like you perhaps, I too am going through difficulties and suffering. That's why I've been receiving support for several years now in\u00a0<strong>psychotherapy<\/strong>\u00a0and in\u00a0<strong>supervision<\/strong>\u00a0for my professional practice, two things that seem essential to me.\u00a0<\/p>\n<p>Ever since I was a child, I've been passionate about\u00a0<strong>understanding<\/strong>\u00a0of human functioning, which naturally led me to study psychology and become a psychologist-psychotherapist. I soon began working with people (adults, children and adolescents, families) in private practice, while always keeping a foot in the door of medical-social institutions. After 3 years as a psychologist on the staff of a day-care center for the mentally and intellectually disabled, I joined a specialized home for the physically disabled. These experiences were extremely enriching for me, as they enabled me to meet people with atypical profiles, develop my professional skills, develop my taste for and ability to work in a team, my capacity to adapt, and discover other ways of life and other visions of the world.<\/p>\n<p>With many years' experience in helping people with inner suffering, I have recently turned my research towards neuro-psycho-biology by training in the Relational Intelligence\u00ae psychotherapeutic model founded by Dr. Fran\u00e7ois Le Doze (click HERE for more info), in order to deepen my understanding of the mechanisms underlying good psychological health. My approach enables me to identify what disturbs the nervous system, generating symptoms, and, above all, to identify the elements essential to its regulation: the\u00a0<strong>link<\/strong>\u00a0and the\u00a0<strong>safety<\/strong>. I also discovered that treating the psyche was often not enough, and that we needed to treat the brain (and therefore the nervous system).\u00a0<\/p>\n<p>Through this profession, I've found something that gives deep meaning to my life, that makes me feel I'm in my rightful place, and that allows me to give as much as I receive. Alongside this, I'm also a musician; I sing, play guitar and piano, notably as part of a jazz\/soul\/blues trio. I also devote a great deal of time and importance to my own inner regulation through various activities: hiking in the mountains, cycling, yoga, meditation, rest...and family and social activities!<\/p>\n<\/p>\n<p>Career and training :\u00a0<\/p>\n<p><strong>2024<\/strong> &#8211; Formation au mod\u00e8le de psychoth\u00e9rapie Intelligence Relationnelle\u00ae &#8211; Self Therapie Formation \u2013 Dr. Fran\u00e7ois Le Doze<\/p>\n<p><strong>2023<\/strong> &#8211; Formation \u00ab Comment accompagner la col\u00e8re en psychoth\u00e9rapie \u00bb, perspective gestaltiste &#8211; Institut ODEME-formation Odile Demeerseman<\/p>\n<p><strong>2022<\/strong> &#8211; Formation en Th\u00e9rapie d\u2019Acceptation et d\u2019Engagement (ACT) &#8211; Formation en ligne \u00ab Webinact \u00bb<\/p>\n<p><strong>2022<\/strong> &#8211; Formation en Communication Non Violente (CNV) &#8211; Avec Axelle Schermann<\/p>\n<p><strong>2021<\/strong> &#8211; Formation \u00ab Psychotraumatologie centr\u00e9e comp\u00e9tences \u00bb &#8211; Institut IICOS \u00e0 Marlenheim (67)<\/p>\n<p><strong>2020<\/strong> &#8211; Dipl\u00f4me d\u2019\u00e9tudes sup\u00e9rieures universitaire (DESU) &#8211; Pratique de la m\u00e9ditation de Pleine Conscience &#8211; Universit\u00e9 Paris 8<\/p>\n<p><strong>2018<\/strong> &#8211; Formation accompagnement des couples &#8211; Dr Elisabeth Gaugenot et Guy Belinne \u00e0 l\u2019espace th\u00e9rapeutique \u00ab Oser la vie \u00bb, Obernai<\/p>\n<p><strong>2018<\/strong> &#8211; Master et Diplome de psychologie clinique du d\u00e9veloppement, mention bien &#8211; Facult\u00e9 de Psychologie de l\u2019Universit\u00e9 de Strasbourg<\/p>\n<p><strong>2018<\/strong> &#8211; Formation en syst\u00e9mie et th\u00e9rapie familiale &#8211; Aupr\u00e8s de Daliah Goldeman-Levy \u00e0 l\u2019institut RESCIF \u00e0 Strasbourg<\/p>\n<p><strong>2017<\/strong> &#8211; Formation sur les besoins &#8211; Dr Elisabeth Gaugenot et Guy Belinne \u00e0 l\u2019espace th\u00e9rapeutique \u00ab Oser la vie \u00bb, Obernai<\/p>\n<p><strong>2017<\/strong> &#8211; Formation en psychologie positive &#8211; Institut CHRYSIPPE \u00e0 Lyon<\/p>\n<p><strong>2017<\/strong> &#8211; Congr\u00e8s et ateliers pratiques de Pleine Conscience : \u00ab La Pleine Conscience au coeur de nos pratiques \u00bb &#8211; Centre Pierre Janet, Universit\u00e9 de Lorraine \u00e0 Metz<\/p>\n<p><strong>2016<\/strong> &#8211; Formation en accompagnement des personnes sur base de Programmation Neuro-Linguistique (P.N.L.), analyse transactionnelle et E.F.T. &#8211; Dr Elisabeth Gaugenot et Guy Belinne \u00e0 l\u2019espace th\u00e9rapeutique \u00ab Oser la vie \u00bb, Obernai<\/p>\n<p><strong>2014<\/strong> &#8211; Licence de Psychologie, mention bien &#8211; Facult\u00e9 de Psychologie de l\u2019Universit\u00e9 de Strasbourg et Universit\u00e9 du Qu\u00e9bec \u00e0 Montr\u00e9al (UQAM)<\/p>\n<p><strong>2011<\/strong> &#8211; Premi\u00e8re ann\u00e9e d\u2019\u00e9tudes de sant\u00e9 (PAES1) &#8211; Facult\u00e9 de m\u00e9decine de l\u2019universit\u00e9 de Strasbourg<\/p>\n<h2>Experiences<\/h2>\n<p><strong>Since 2025<\/strong> Relationship Intelligence\u00ae Supervision<\/p>\n<p><strong>2020 &#8211; 2024<\/strong> Supervision de la pratique psychoth\u00e9rapeutique &#8211; Institut ODEME-formation Odile Demeerseman<\/p>\n<p><strong>2020 &#8211; 2024<\/strong> Psychologist at the R\u00e9sidence Multi-services (R.M.S.) of the APF France Handicap association in Illkirch.<\/p>\n<p><strong>2020 &#8211; 2021<\/strong> Psychologist at the Elsau prison in Strasbourg (EPSAN)<\/p>\n<p><strong>2019 &#8211; 2021<\/strong> Psychologist at the Centre d'Accueil et de Rencontre pour Adultes Handicap\u00e9s (CARAH) in Munster (ARSEA)<\/p>\n<p><strong>Since 2019<\/strong> Cr\u00e9ation et ouverture d&rsquo;un cabinet de consultation en lib\u00e9ral \u00e0 Obernai<\/p>\n<p><strong>2017 &#8211; 2018<\/strong> Trainee psychologist, IMPro du Ried and RESCIF systemic institute<\/p>\n<p><strong>2016 &#8211; 2017<\/strong> Trainee psychologist, Child and Juvenile Psychiatry Department, Colmar Civil Hospital<\/p>\n<p><strong>2013 &#8211; 2013<\/strong> Volunteer work at the Institut de R\u00e9adaptation Gingras-Lindsay de Montr\u00e9al (IRGLM)<\/p>","protected":false},"excerpt":{"rendered":"<p>J\u2019entends souvent des personnes me dire que ce n\u2019est pas facile de choisir son \u00ab psy \u00bb, et je valide enti\u00e8rement cela, \u00e9tant d\u00e9j\u00e0 aussi pass\u00e9e par l\u00e0. Comment choisir ? Sur quels crit\u00e8res ? Comment faire lorsque personne ne peut nous recommander quelqu\u2019un ?\u00a0\u00a0 Je vous propose donc de me rencontrer \u00e0 travers ces [&hellip;]<\/p>\n","protected":false},"featured_media":0,"template":"","meta":{"_acf_changed":false},"statut_stf":[152],"seances_multilingues":[],"disponibilite":[126],"profession":[130,131],"competences_supplementaires":[],"consultation_a_distance":[],"class_list":["post-9785","lestherapeutes","type-lestherapeutes","status-publish","hentry","statut_stf-therapeute-ir-en-parcours-junior","disponibilite-autre-disponibilite","profession-psychologue","profession-psychotherapeute","wpbf-post"],"acf":[],"_links":{"self":[{"href":"https:\/\/selftherapie.com\/en\/wp-json\/wp\/v2\/lestherapeutes\/9785","targetHints":{"allow":["GET"]}}],"collection":[{"href":"https:\/\/selftherapie.com\/en\/wp-json\/wp\/v2\/lestherapeutes"}],"about":[{"href":"https:\/\/selftherapie.com\/en\/wp-json\/wp\/v2\/types\/lestherapeutes"}],"wp:attachment":[{"href":"https:\/\/selftherapie.com\/en\/wp-json\/wp\/v2\/media?parent=9785"}],"wp:term":[{"taxonomy":"statut_stf","embeddable":true,"href":"https:\/\/selftherapie.com\/en\/wp-json\/wp\/v2\/statut_stf?post=9785"},{"taxonomy":"seances_multilingues","embeddable":true,"href":"https:\/\/selftherapie.com\/en\/wp-json\/wp\/v2\/seances_multilingues?post=9785"},{"taxonomy":"disponibilite","embeddable":true,"href":"https:\/\/selftherapie.com\/en\/wp-json\/wp\/v2\/disponibilite?post=9785"},{"taxonomy":"profession","embeddable":true,"href":"https:\/\/selftherapie.com\/en\/wp-json\/wp\/v2\/profession?post=9785"},{"taxonomy":"competences_supplementaires","embeddable":true,"href":"https:\/\/selftherapie.com\/en\/wp-json\/wp\/v2\/competences_supplementaires?post=9785"},{"taxonomy":"consultation_a_distance","embeddable":true,"href":"https:\/\/selftherapie.com\/en\/wp-json\/wp\/v2\/consultation_a_distance?post=9785"}],"curies":[{"name":"wp","href":"https:\/\/api.w.org\/{rel}","templated":true}]}}

<p>I often hear people say that it's not easy to choose your «shrink», and I totally agree, having been there myself. How do you choose? On what criteria? What do we do when no one can recommend anyone?  </p>
<p>So I suggest you meet me through these few lines, and let yourself feel, in your body, what resonates; listen to what your nervous system sends you as information (does it say yes or no inside?).</p>
<p>I'm first and foremost a human being, like you, with a nervous system, a brain, emotions and sensitivity. Like you perhaps, I too am going through difficulties and suffering. That's why I've been receiving support for several years now in <strong>psychotherapy</strong> and in <strong>supervision</strong> for my professional practice, two things that seem essential to me. </p>
<p>Ever since I was a child, I've been passionate about <strong>understanding</strong> of human functioning, which naturally led me to study psychology and become a psychologist-psychotherapist. I soon began working with people (adults, children and adolescents, families) in private practice, while always keeping a foot in the door of medical-social institutions. After 3 years as a psychologist on the staff of a day-care center for the mentally and intellectually disabled, I joined a specialized home for the physically disabled. These experiences were extremely enriching for me, as they enabled me to meet people with atypical profiles, develop my professional skills, develop my taste for and ability to work in a team, my capacity to adapt, and discover other ways of life and other visions of the world.</p>
<p>With many years' experience in helping people with inner suffering, I have recently turned my research towards neuro-psycho-biology by training in the Relational Intelligence® psychotherapeutic model founded by Dr. François Le Doze (click HERE for more info), in order to deepen my understanding of the mechanisms underlying good psychological health. My approach enables me to identify what disturbs the nervous system, generating symptoms, and, above all, to identify the elements essential to its regulation: the <strong>link</strong> and the <strong>safety</strong>. I also discovered that treating the psyche was often not enough, and that we needed to treat the brain (and therefore the nervous system). </p>
<p>Through this profession, I've found something that gives deep meaning to my life, that makes me feel I'm in my rightful place, and that allows me to give as much as I receive. Alongside this, I'm also a musician; I sing, play guitar and piano, notably as part of a jazz/soul/blues trio. I also devote a great deal of time and importance to my own inner regulation through various activities: hiking in the mountains, cycling, yoga, meditation, rest...and family and social activities!</p>
</p>
<p>Career and training : </p>
<p><strong>2024</strong> &#8211; Formation au modèle de psychothérapie Intelligence Relationnelle® &#8211; Self Therapie Formation – Dr. François Le Doze</p>
<p><strong>2023</strong> &#8211; Formation « Comment accompagner la colère en psychothérapie », perspective gestaltiste &#8211; Institut ODEME-formation Odile Demeerseman</p>
<p><strong>2022</strong> &#8211; Formation en Thérapie d’Acceptation et d’Engagement (ACT) &#8211; Formation en ligne « Webinact »</p>
<p><strong>2022</strong> &#8211; Formation en Communication Non Violente (CNV) &#8211; Avec Axelle Schermann</p>
<p><strong>2021</strong> &#8211; Formation « Psychotraumatologie centrée compétences » &#8211; Institut IICOS à Marlenheim (67)</p>
<p><strong>2020</strong> &#8211; Diplôme d’études supérieures universitaire (DESU) &#8211; Pratique de la méditation de Pleine Conscience &#8211; Université Paris 8</p>
<p><strong>2018</strong> &#8211; Formation accompagnement des couples &#8211; Dr Elisabeth Gaugenot et Guy Belinne à l’espace thérapeutique « Oser la vie », Obernai</p>
<p><strong>2018</strong> &#8211; Master et Diplome de psychologie clinique du développement, mention bien &#8211; Faculté de Psychologie de l’Université de Strasbourg</p>
<p><strong>2018</strong> &#8211; Formation en systémie et thérapie familiale &#8211; Auprès de Daliah Goldeman-Levy à l’institut RESCIF à Strasbourg</p>
<p><strong>2017</strong> &#8211; Formation sur les besoins &#8211; Dr Elisabeth Gaugenot et Guy Belinne à l’espace thérapeutique « Oser la vie », Obernai</p>
<p><strong>2017</strong> &#8211; Formation en psychologie positive &#8211; Institut CHRYSIPPE à Lyon</p>
<p><strong>2017</strong> &#8211; Congrès et ateliers pratiques de Pleine Conscience : « La Pleine Conscience au coeur de nos pratiques » &#8211; Centre Pierre Janet, Université de Lorraine à Metz</p>
<p><strong>2016</strong> &#8211; Formation en accompagnement des personnes sur base de Programmation Neuro-Linguistique (P.N.L.), analyse transactionnelle et E.F.T. &#8211; Dr Elisabeth Gaugenot et Guy Belinne à l’espace thérapeutique « Oser la vie », Obernai</p>
<p><strong>2014</strong> &#8211; Licence de Psychologie, mention bien &#8211; Faculté de Psychologie de l’Université de Strasbourg et Université du Québec à Montréal (UQAM)</p>
<p><strong>2011</strong> &#8211; Première année d’études de santé (PAES1) &#8211; Faculté de médecine de l’université de Strasbourg</p>
<h2>Experiences</h2>
<p><strong>Since 2025</strong> Relationship Intelligence® Supervision</p>
<p><strong>2020 &#8211; 2024</strong> Supervision de la pratique psychothérapeutique &#8211; Institut ODEME-formation Odile Demeerseman</p>
<p><strong>2020 &#8211; 2024</strong> Psychologist at the Résidence Multi-services (R.M.S.) of the APF France Handicap association in Illkirch.</p>
<p><strong>2020 &#8211; 2021</strong> Psychologist at the Elsau prison in Strasbourg (EPSAN)</p>
<p><strong>2019 &#8211; 2021</strong> Psychologist at the Centre d'Accueil et de Rencontre pour Adultes Handicapés (CARAH) in Munster (ARSEA)</p>
<p><strong>Since 2019</strong> Création et ouverture d&rsquo;un cabinet de consultation en libéral à Obernai</p>
<p><strong>2017 &#8211; 2018</strong> Trainee psychologist, IMPro du Ried and RESCIF systemic institute</p>
<p><strong>2016 &#8211; 2017</strong> Trainee psychologist, Child and Juvenile Psychiatry Department, Colmar Civil Hospital</p>
<p><strong>2013 &#8211; 2013</strong> Volunteer work at the Institut de Réadaptation Gingras-Lindsay de Montréal (IRGLM)</p>

<p>J’entends souvent des personnes me dire que ce n’est pas facile de choisir son « psy », et je valide entièrement cela, étant déjà aussi passée par là. Comment choisir ? Sur quels critères ? Comment faire lorsque personne ne peut nous recommander quelqu’un ?   Je vous propose donc de me rencontrer à travers ces [&hellip;]</p>
