{"id":9713,"date":"2026-04-29T07:11:39","date_gmt":"2026-04-29T07:11:39","guid":{"rendered":"https:\/\/selftherapie.com\/lestherapeutes\/jerome-labbe\/"},"modified":"2026-04-29T07:11:39","modified_gmt":"2026-04-29T07:11:39","slug":"jerome-labbe-tg229","status":"publish","type":"lestherapeutes","link":"https:\/\/selftherapie.com\/en\/lestherapeutes\/jerome-labbe-tg229\/","title":{"rendered":"J\u00e9r\u00f4me LABBE"},"content":{"rendered":"<p class=\"ql-align-justify\">For a long time, I lived with the belief that I couldn't be loved for who I really am. I was looking for connection and at the same time, unconsciously, I was censoring myself, not allowing myself to be me, because I had integrated deep down that the other person can't welcome me and love me if I'm entirely me, authentic.<\/p>\n<p class=\"ql-align-justify\">I moved forward masked among the others, and above all I wore a shell in which I took refuge at the slightest signal unconsciously perceived as danger.<\/p>\n<p class=\"ql-align-justify\">Under these conditions, it's hard to live the deep, authentic relationships I aspired to.<\/p>\n<p class=\"ql-align-center\"><strong><em>\"To feel safe enough to fall in love with life and take the risk of living.\" Deborah Dana<\/em><\/strong><\/p>\n<p class=\"ql-align-justify\">I explored the teaching profession, which taught me a great deal about the human being and the relationship between the individual and the group, which at the time I saw as incompatible. I chose the individual as my priority and decided to become a psychotherapist.<\/p>\n<p class=\"ql-align-justify\">At the same time, over the last fifteen years or so, I had begun to work, without really being aware of it, on my relationship to myself and to others through dance. Connecting with myself, becoming aware of my bearings, both by fully inhabiting my body, and by adjusting to the other (as a couple), to others (as a group), allowing myself to free my movements, letting life flow spontaneously through me, with music as my medium.<\/p>\n<p class=\"ql-align-justify\">Then the encounter with Nonviolent Communication in 2015, which I continue to integrate and share today. This new way of being in the world enabled me to put into words what I had felt through dance. One step closer to the other, one step closer to myself, one step closer to the relationship.<\/p>\n<p class=\"ql-align-justify\">The experience of fatherhood, separation and alternating custody is, and will remain, a wonderful opportunity to work in depth on my unexplored areas, and above all a perfect illustration of what life has given me when I took the risk of living it!<\/p>\n<p class=\"ql-align-justify\">Finally, in 2020, the discovery of Relational Intelligence, first in therapy and then in training, enabled me to go even further, and to gradually heal my wounds in depth, in relationship, by consciously experiencing security in the bond and the possibility of being welcomed and loved as I am.<\/p>\n<p class=\"ql-align-justify\">It's with great clarity that I choose this model today to accompany you on the path to yourself and help you experience security and depth in your relationships.<\/p>\n<p class=\"ql-align-justify\">To do this, my intention is to be attentive to respecting your rhythm, to listen to you with kindness and commitment, seeking to make explicit all the places in the relationship where it stings, where it sticks, where it's scary, where it hurts, offering you an anchor point, a secure base from which you can set off to discover yourself, the other person and the relationship.<\/p>\n<p class=\"ql-align-justify\">\n<p class=\"ql-align-justify\">I offer remote consultations (Zoom, Skype, Teams), and face-to-face in Bagn\u00e8res de Bigorre.<\/p>\n<p class=\"ql-align-justify\">I invite you to contact me with any questions you may have.<\/p>","protected":false},"excerpt":{"rendered":"<p>J\u2019ai longtemps v\u00e9cu avec la croyance de ne pas pouvoir \u00eatre aim\u00e9 tel que je suis profond\u00e9ment. Je recherchais le lien et en m\u00eame temps, inconsciemment je me censurais, je ne m\u2019autorisais pas \u00e0 \u00eatre moi, car j\u2019avais int\u00e9gr\u00e9 au plus profond de moi que l\u2019autre ne peut pas m\u2019accueillir et m\u2019aimer si je suis [&hellip;]<\/p>\n","protected":false},"featured_media":0,"template":"","meta":{"_acf_changed":false},"statut_stf":[152],"seances_multilingues":[],"disponibilite":[138],"profession":[],"competences_supplementaires":[],"consultation_a_distance":[136],"class_list":["post-9713","lestherapeutes","type-lestherapeutes","status-publish","hentry","statut_stf-therapeute-ir-en-parcours-junior","disponibilite-disponible","consultation_a_distance-presentiel-et-a-distance","wpbf-post"],"acf":[],"_links":{"self":[{"href":"https:\/\/selftherapie.com\/en\/wp-json\/wp\/v2\/lestherapeutes\/9713","targetHints":{"allow":["GET"]}}],"collection":[{"href":"https:\/\/selftherapie.com\/en\/wp-json\/wp\/v2\/lestherapeutes"}],"about":[{"href":"https:\/\/selftherapie.com\/en\/wp-json\/wp\/v2\/types\/lestherapeutes"}],"wp:attachment":[{"href":"https:\/\/selftherapie.com\/en\/wp-json\/wp\/v2\/media?parent=9713"}],"wp:term":[{"taxonomy":"statut_stf","embeddable":true,"href":"https:\/\/selftherapie.com\/en\/wp-json\/wp\/v2\/statut_stf?post=9713"},{"taxonomy":"seances_multilingues","embeddable":true,"href":"https:\/\/selftherapie.com\/en\/wp-json\/wp\/v2\/seances_multilingues?post=9713"},{"taxonomy":"disponibilite","embeddable":true,"href":"https:\/\/selftherapie.com\/en\/wp-json\/wp\/v2\/disponibilite?post=9713"},{"taxonomy":"profession","embeddable":true,"href":"https:\/\/selftherapie.com\/en\/wp-json\/wp\/v2\/profession?post=9713"},{"taxonomy":"competences_supplementaires","embeddable":true,"href":"https:\/\/selftherapie.com\/en\/wp-json\/wp\/v2\/competences_supplementaires?post=9713"},{"taxonomy":"consultation_a_distance","embeddable":true,"href":"https:\/\/selftherapie.com\/en\/wp-json\/wp\/v2\/consultation_a_distance?post=9713"}],"curies":[{"name":"wp","href":"https:\/\/api.w.org\/{rel}","templated":true}]}}

Jérôme LABBE

<p class="ql-align-justify">For a long time, I lived with the belief that I couldn't be loved for who I really am. I was looking for connection and at the same time, unconsciously, I was censoring myself, not allowing myself to be me, because I had integrated deep down that the other person can't welcome me and love me if I'm entirely me, authentic.</p>
<p class="ql-align-justify">I moved forward masked among the others, and above all I wore a shell in which I took refuge at the slightest signal unconsciously perceived as danger.</p>
<p class="ql-align-justify">Under these conditions, it's hard to live the deep, authentic relationships I aspired to.</p>
<p class="ql-align-center"><strong><em>"To feel safe enough to fall in love with life and take the risk of living." Deborah Dana</em></strong></p>
<p class="ql-align-justify">I explored the teaching profession, which taught me a great deal about the human being and the relationship between the individual and the group, which at the time I saw as incompatible. I chose the individual as my priority and decided to become a psychotherapist.</p>
<p class="ql-align-justify">At the same time, over the last fifteen years or so, I had begun to work, without really being aware of it, on my relationship to myself and to others through dance. Connecting with myself, becoming aware of my bearings, both by fully inhabiting my body, and by adjusting to the other (as a couple), to others (as a group), allowing myself to free my movements, letting life flow spontaneously through me, with music as my medium.</p>
<p class="ql-align-justify">Then the encounter with Nonviolent Communication in 2015, which I continue to integrate and share today. This new way of being in the world enabled me to put into words what I had felt through dance. One step closer to the other, one step closer to myself, one step closer to the relationship.</p>
<p class="ql-align-justify">The experience of fatherhood, separation and alternating custody is, and will remain, a wonderful opportunity to work in depth on my unexplored areas, and above all a perfect illustration of what life has given me when I took the risk of living it!</p>
<p class="ql-align-justify">Finally, in 2020, the discovery of Relational Intelligence, first in therapy and then in training, enabled me to go even further, and to gradually heal my wounds in depth, in relationship, by consciously experiencing security in the bond and the possibility of being welcomed and loved as I am.</p>
<p class="ql-align-justify">It's with great clarity that I choose this model today to accompany you on the path to yourself and help you experience security and depth in your relationships.</p>
<p class="ql-align-justify">To do this, my intention is to be attentive to respecting your rhythm, to listen to you with kindness and commitment, seeking to make explicit all the places in the relationship where it stings, where it sticks, where it's scary, where it hurts, offering you an anchor point, a secure base from which you can set off to discover yourself, the other person and the relationship.</p>
<p class="ql-align-justify">
<p class="ql-align-justify">I offer remote consultations (Zoom, Skype, Teams), and face-to-face in Bagnères de Bigorre.</p>
<p class="ql-align-justify">I invite you to contact me with any questions you may have.</p>

<p>J’ai longtemps vécu avec la croyance de ne pas pouvoir être aimé tel que je suis profondément. Je recherchais le lien et en même temps, inconsciemment je me censurais, je ne m’autorisais pas à être moi, car j’avais intégré au plus profond de moi que l’autre ne peut pas m’accueillir et m’aimer si je suis [&hellip;]</p>
