{"id":9711,"date":"2026-04-29T09:53:04","date_gmt":"2026-04-29T09:53:04","guid":{"rendered":"https:\/\/selftherapie.com\/lestherapeutes\/jean-fiore\/"},"modified":"2026-04-29T09:53:05","modified_gmt":"2026-04-29T09:53:05","slug":"jean-fiore-tg227","status":"publish","type":"lestherapeutes","link":"https:\/\/selftherapie.com\/en\/lestherapeutes\/jean-fiore-tg227\/","title":{"rendered":"Jean FIORE"},"content":{"rendered":"<p>Apr\u00e8s  un dipl\u00f4me de kin\u00e9sith\u00e9rapie en 2009, j&rsquo;ai suivi un cursus  d&rsquo;ost\u00e9opathie dispens\u00e9 par une \u00e9cole agr\u00e9\u00e9e, ce cursus de formation en 6  ans me permet de <span style=\"font-weight:bold\">take care of all patients, from babies and the elderly to pregnant women and athletes.<\/span><\/p>\n<p>\u00a0<\/p>\n<p>J&rsquo;ai  continu\u00e9 \u00e0 me former avec l&rsquo;envie de toujours mieux r\u00e9pondre aux  besoins des patients, c&rsquo;est dans ce sens que j&rsquo;ai effectu\u00e9 plusieurs  formations en ost\u00e9opathie p\u00e9diatrique, ainsi que dans l&rsquo;accompagnement  des femmes enceintes. J&rsquo;ai \u00e9galement approfondi les approches en  ost\u00e9opathie tissulaire (douces).<\/p>\n<p>\u00a0<\/p>\n<p>But above all, I <span style=\"font-weight:bold\">trained in an innovative approach to understanding and treating emotional trauma<\/span> and their impact on the physical body: <span style=\"text-decoration:underline\"><span style=\"text-decoration:underline\"><a href=\"https:\/\/selftherapie.com\/en\/\" target=\"_blank\">l&rsquo;Intelligence Relationnelle<\/a><\/span>\u00ae<span style=\"text-decoration:underline\"><a href=\"https:\/\/selftherapie.com\/en\/\" target=\"_blank\">.<\/a><\/span><\/span><\/p>\n<p>\u00a0<\/p>\n<p><span style=\"font-weight:bold\">S&rsquo;int\u00e9resser \u00e0 la dimension  \u00e9motionnelle dans l&rsquo;approche corporelle c&rsquo;est ouvrir la porte \u00e0 une  am\u00e9lioration p\u00e9renne. C&rsquo;est s&rsquo;autoriser \u00e0 mieux ressentir, \u00e0 \u00eatre mieux  pr\u00e9sent \u00e0 soi.<\/span><\/p>","protected":false},"excerpt":{"rendered":"<p>Apr\u00e8s un dipl\u00f4me de kin\u00e9sith\u00e9rapie en 2009, j&rsquo;ai suivi un cursus d&rsquo;ost\u00e9opathie dispens\u00e9 par une \u00e9cole agr\u00e9\u00e9e, ce cursus de formation en 6 ans me permet de prendre en charge tous les patients, du b\u00e9b\u00e9 \u00e0 la personne \u00e2g\u00e9e en passant par la femme enceinte et les sportifs. \u00a0 J&rsquo;ai continu\u00e9 \u00e0 me former avec [&hellip;]<\/p>\n","protected":false},"featured_media":0,"template":"","meta":{"_acf_changed":false},"statut_stf":[177],"seances_multilingues":[],"disponibilite":[138],"profession":[127],"competences_supplementaires":[],"consultation_a_distance":[136],"class_list":["post-9711","lestherapeutes","type-lestherapeutes","status-publish","hentry","statut_stf-therapeute-ir-en-parcours-senior","disponibilite-disponible","profession-psychopracticienne","consultation_a_distance-presentiel-et-a-distance","wpbf-post"],"acf":[],"_links":{"self":[{"href":"https:\/\/selftherapie.com\/en\/wp-json\/wp\/v2\/lestherapeutes\/9711","targetHints":{"allow":["GET"]}}],"collection":[{"href":"https:\/\/selftherapie.com\/en\/wp-json\/wp\/v2\/lestherapeutes"}],"about":[{"href":"https:\/\/selftherapie.com\/en\/wp-json\/wp\/v2\/types\/lestherapeutes"}],"wp:attachment":[{"href":"https:\/\/selftherapie.com\/en\/wp-json\/wp\/v2\/media?parent=9711"}],"wp:term":[{"taxonomy":"statut_stf","embeddable":true,"href":"https:\/\/selftherapie.com\/en\/wp-json\/wp\/v2\/statut_stf?post=9711"},{"taxonomy":"seances_multilingues","embeddable":true,"href":"https:\/\/selftherapie.com\/en\/wp-json\/wp\/v2\/seances_multilingues?post=9711"},{"taxonomy":"disponibilite","embeddable":true,"href":"https:\/\/selftherapie.com\/en\/wp-json\/wp\/v2\/disponibilite?post=9711"},{"taxonomy":"profession","embeddable":true,"href":"https:\/\/selftherapie.com\/en\/wp-json\/wp\/v2\/profession?post=9711"},{"taxonomy":"competences_supplementaires","embeddable":true,"href":"https:\/\/selftherapie.com\/en\/wp-json\/wp\/v2\/competences_supplementaires?post=9711"},{"taxonomy":"consultation_a_distance","embeddable":true,"href":"https:\/\/selftherapie.com\/en\/wp-json\/wp\/v2\/consultation_a_distance?post=9711"}],"curies":[{"name":"wp","href":"https:\/\/api.w.org\/{rel}","templated":true}]}}

<p>Après  un diplôme de kinésithérapie en 2009, j&rsquo;ai suivi un cursus  d&rsquo;ostéopathie dispensé par une école agréée, ce cursus de formation en 6  ans me permet de <span style="font-weight:bold">take care of all patients, from babies and the elderly to pregnant women and athletes.</span></p>
<p> </p>
<p>J&rsquo;ai  continué à me former avec l&rsquo;envie de toujours mieux répondre aux  besoins des patients, c&rsquo;est dans ce sens que j&rsquo;ai effectué plusieurs  formations en ostéopathie pédiatrique, ainsi que dans l&rsquo;accompagnement  des femmes enceintes. J&rsquo;ai également approfondi les approches en  ostéopathie tissulaire (douces).</p>
<p> </p>
<p>But above all, I <span style="font-weight:bold">trained in an innovative approach to understanding and treating emotional trauma</span> and their impact on the physical body: <span style="text-decoration:underline"><span style="text-decoration:underline"><a href="https://selftherapie.com/en/" target="_blank">l&rsquo;Intelligence Relationnelle</a></span>®<span style="text-decoration:underline"><a href="https://selftherapie.com/en/" target="_blank">.</a></span></span></p>
<p> </p>
<p><span style="font-weight:bold">S&rsquo;intéresser à la dimension  émotionnelle dans l&rsquo;approche corporelle c&rsquo;est ouvrir la porte à une  amélioration pérenne. C&rsquo;est s&rsquo;autoriser à mieux ressentir, à être mieux  présent à soi.</span></p>

<p>Après un diplôme de kinésithérapie en 2009, j&rsquo;ai suivi un cursus d&rsquo;ostéopathie dispensé par une école agréée, ce cursus de formation en 6 ans me permet de prendre en charge tous les patients, du bébé à la personne âgée en passant par la femme enceinte et les sportifs.   J&rsquo;ai continué à me former avec [&hellip;]</p>
