{"id":9655,"date":"2026-04-29T07:11:38","date_gmt":"2026-04-29T07:11:38","guid":{"rendered":"https:\/\/selftherapie.com\/lestherapeutes\/sophie-pappas\/"},"modified":"2026-04-29T07:11:38","modified_gmt":"2026-04-29T07:11:38","slug":"sophie-pappas-tg174","status":"publish","type":"lestherapeutes","link":"https:\/\/selftherapie.com\/en\/lestherapeutes\/sophie-pappas-tg174\/","title":{"rendered":"Sophie PAPPAS"},"content":{"rendered":"<p>Apr\u00e8s l&rsquo;obtention de mon dipl\u00f4me de psychologue, j&rsquo;ai suivi un parcours professionnel de 25 ann\u00e9es en entreprise.<\/p>\n<p>Cette exp\u00e9rience coupl\u00e9e \u00e0 mon activit\u00e9 de psychologue et de th\u00e9rapeute me permet d&rsquo;offrir une compr\u00e9hension globale des probl\u00e9matiques amen\u00e9es par les personnes.<\/p>\n<p>My additional training :<\/p>\n<ul>\n<li>Hypnose m\u00e9dicale \u00e0 l&rsquo;AFEHM \u00e0 la Salp\u00eatri\u00e8re.<\/li>\n<li>Creative brief hypnotherapy with Emergences.<\/li>\n<li>EMDR niveau 1 et 2 \u00e0 l&rsquo;Institut Fran\u00e7ais d&rsquo;EMDR.<\/li>\n<li>Logique Emotionnelle \u00e0 l&rsquo;Institut de Logique Emotionnelle.<\/li>\n<li>ICV (Lifespan Integration)\u00a0 niveau 1 &amp; 2 \u00e0 l&rsquo;Institut Double H\u00e9lice.<\/li>\n<li>Process Com Th\u00e9rapie institut Khaler.<\/li>\n<\/ul>","protected":false},"excerpt":{"rendered":"<p>Apr\u00e8s l&rsquo;obtention de mon dipl\u00f4me de psychologue, j&rsquo;ai suivi un parcours professionnel de 25 ann\u00e9es en entreprise. Cette exp\u00e9rience coupl\u00e9e \u00e0 mon activit\u00e9 de psychologue et de th\u00e9rapeute me permet d&rsquo;offrir une compr\u00e9hension globale des probl\u00e9matiques amen\u00e9es par les personnes. Mes formations compl\u00e9mentaires : Hypnose m\u00e9dicale \u00e0 l&rsquo;AFEHM \u00e0 la Salp\u00eatri\u00e8re. Hypnoth\u00e9rapie br\u00e8ve cr\u00e9ative avec [&hellip;]<\/p>\n","protected":false},"featured_media":0,"template":"","meta":{"_acf_changed":false},"statut_stf":[177],"seances_multilingues":[],"disponibilite":[126],"profession":[130,131],"competences_supplementaires":[],"consultation_a_distance":[173],"class_list":["post-9655","lestherapeutes","type-lestherapeutes","status-publish","hentry","statut_stf-therapeute-ir-en-parcours-senior","disponibilite-autre-disponibilite","profession-psychologue","profession-psychotherapeute","consultation_a_distance-undefined","wpbf-post"],"acf":[],"_links":{"self":[{"href":"https:\/\/selftherapie.com\/en\/wp-json\/wp\/v2\/lestherapeutes\/9655","targetHints":{"allow":["GET"]}}],"collection":[{"href":"https:\/\/selftherapie.com\/en\/wp-json\/wp\/v2\/lestherapeutes"}],"about":[{"href":"https:\/\/selftherapie.com\/en\/wp-json\/wp\/v2\/types\/lestherapeutes"}],"wp:attachment":[{"href":"https:\/\/selftherapie.com\/en\/wp-json\/wp\/v2\/media?parent=9655"}],"wp:term":[{"taxonomy":"statut_stf","embeddable":true,"href":"https:\/\/selftherapie.com\/en\/wp-json\/wp\/v2\/statut_stf?post=9655"},{"taxonomy":"seances_multilingues","embeddable":true,"href":"https:\/\/selftherapie.com\/en\/wp-json\/wp\/v2\/seances_multilingues?post=9655"},{"taxonomy":"disponibilite","embeddable":true,"href":"https:\/\/selftherapie.com\/en\/wp-json\/wp\/v2\/disponibilite?post=9655"},{"taxonomy":"profession","embeddable":true,"href":"https:\/\/selftherapie.com\/en\/wp-json\/wp\/v2\/profession?post=9655"},{"taxonomy":"competences_supplementaires","embeddable":true,"href":"https:\/\/selftherapie.com\/en\/wp-json\/wp\/v2\/competences_supplementaires?post=9655"},{"taxonomy":"consultation_a_distance","embeddable":true,"href":"https:\/\/selftherapie.com\/en\/wp-json\/wp\/v2\/consultation_a_distance?post=9655"}],"curies":[{"name":"wp","href":"https:\/\/api.w.org\/{rel}","templated":true}]}}

<p>Après l&rsquo;obtention de mon diplôme de psychologue, j&rsquo;ai suivi un parcours professionnel de 25 années en entreprise.</p>
<p>Cette expérience couplée à mon activité de psychologue et de thérapeute me permet d&rsquo;offrir une compréhension globale des problématiques amenées par les personnes.</p>
<p>My additional training :</p>
<ul>
<li>Hypnose médicale à l&rsquo;AFEHM à la Salpêtrière.</li>
<li>Creative brief hypnotherapy with Emergences.</li>
<li>EMDR niveau 1 et 2 à l&rsquo;Institut Français d&rsquo;EMDR.</li>
<li>Logique Emotionnelle à l&rsquo;Institut de Logique Emotionnelle.</li>
<li>ICV (Lifespan Integration)  niveau 1 &amp; 2 à l&rsquo;Institut Double Hélice.</li>
<li>Process Com Thérapie institut Khaler.</li>
</ul>

<p>Après l&rsquo;obtention de mon diplôme de psychologue, j&rsquo;ai suivi un parcours professionnel de 25 années en entreprise. Cette expérience couplée à mon activité de psychologue et de thérapeute me permet d&rsquo;offrir une compréhension globale des problématiques amenées par les personnes. Mes formations complémentaires : Hypnose médicale à l&rsquo;AFEHM à la Salpêtrière. Hypnothérapie brève créative avec [&hellip;]</p>
