{"id":9623,"date":"2026-04-29T09:53:04","date_gmt":"2026-04-29T09:53:04","guid":{"rendered":"https:\/\/selftherapie.com\/lestherapeutes\/magali-fabre\/"},"modified":"2026-04-29T09:53:05","modified_gmt":"2026-04-29T09:53:05","slug":"magali-fabre-tg142","status":"publish","type":"lestherapeutes","link":"https:\/\/selftherapie.com\/en\/lestherapeutes\/magali-fabre-tg142\/","title":{"rendered":"Magali FABRE"},"content":{"rendered":"<p>Trained in coaching, the IFS (Internal Family System) model and the Relational Intelligence model, I can support you through any difficulties you may be experiencing, on both a personal and relational level.\u00a0<\/p>\n<p>The IFS &amp; IR models can be used to address many situations in the field of psychotherapy.<\/p>\n<ul>\n<li>Somatic disorders<\/li>\n<li>Trauma with physical, psychological and emotional repercussions<\/li>\n<li>Professional or personal stress \/ situations of constant tension and control<\/li>\n<li>Addictive behaviors and dependencies<\/li>\n<li>Depression<\/li>\n<li>Relationship difficulties\/conflict<\/li>\n<li>Grief and relationship break-up<\/li>\n<li>Inner conflict \/ Inability to position oneself<\/li>\n<li>Stagnation \/ blockage \/ difficulty moving forward \/ loss of meaning<\/li>\n<li>Recurrence of painful situations or failures<\/li>\n<li>Evolution blocked by limiting personal beliefs<\/li>\n<\/ul>","protected":false},"excerpt":{"rendered":"<p>Form\u00e9e au coaching, au mod\u00e8le IFS (Internal Family System) et au mod\u00e8le Intelligence Relationnelle, je vous accompagne dans les difficult\u00e9s que vous pouvez traverser, tant au niveau personnel que relationnel.\u00a0 Les mod\u00e8les IFS &amp; IR permettent d\u2019aborder de nombreuses situations du champ de la psychoth\u00e9rapie. Troubles somatiques Traumatisme aux r\u00e9percussions physiques, psychiques et \u00e9motionnelles Stress [&hellip;]<\/p>\n","protected":false},"featured_media":0,"template":"","meta":{"_acf_changed":false},"statut_stf":[177],"seances_multilingues":[],"disponibilite":[126],"profession":[127],"competences_supplementaires":[],"consultation_a_distance":[],"class_list":["post-9623","lestherapeutes","type-lestherapeutes","status-publish","hentry","statut_stf-therapeute-ir-en-parcours-senior","disponibilite-autre-disponibilite","profession-psychopracticienne","wpbf-post"],"acf":[],"_links":{"self":[{"href":"https:\/\/selftherapie.com\/en\/wp-json\/wp\/v2\/lestherapeutes\/9623","targetHints":{"allow":["GET"]}}],"collection":[{"href":"https:\/\/selftherapie.com\/en\/wp-json\/wp\/v2\/lestherapeutes"}],"about":[{"href":"https:\/\/selftherapie.com\/en\/wp-json\/wp\/v2\/types\/lestherapeutes"}],"wp:attachment":[{"href":"https:\/\/selftherapie.com\/en\/wp-json\/wp\/v2\/media?parent=9623"}],"wp:term":[{"taxonomy":"statut_stf","embeddable":true,"href":"https:\/\/selftherapie.com\/en\/wp-json\/wp\/v2\/statut_stf?post=9623"},{"taxonomy":"seances_multilingues","embeddable":true,"href":"https:\/\/selftherapie.com\/en\/wp-json\/wp\/v2\/seances_multilingues?post=9623"},{"taxonomy":"disponibilite","embeddable":true,"href":"https:\/\/selftherapie.com\/en\/wp-json\/wp\/v2\/disponibilite?post=9623"},{"taxonomy":"profession","embeddable":true,"href":"https:\/\/selftherapie.com\/en\/wp-json\/wp\/v2\/profession?post=9623"},{"taxonomy":"competences_supplementaires","embeddable":true,"href":"https:\/\/selftherapie.com\/en\/wp-json\/wp\/v2\/competences_supplementaires?post=9623"},{"taxonomy":"consultation_a_distance","embeddable":true,"href":"https:\/\/selftherapie.com\/en\/wp-json\/wp\/v2\/consultation_a_distance?post=9623"}],"curies":[{"name":"wp","href":"https:\/\/api.w.org\/{rel}","templated":true}]}}

<p>Formée au coaching, au modèle IFS (Internal Family System) et au modèle Intelligence Relationnelle, je vous accompagne dans les difficultés que vous pouvez traverser, tant au niveau personnel que relationnel.  Les modèles IFS &amp; IR permettent d’aborder de nombreuses situations du champ de la psychothérapie. Troubles somatiques Traumatisme aux répercussions physiques, psychiques et émotionnelles Stress [&hellip;]</p>
