{"id":9614,"date":"2026-04-29T09:53:07","date_gmt":"2026-04-29T09:53:07","guid":{"rendered":"https:\/\/selftherapie.com\/lestherapeutes\/thibaut-fromental\/"},"modified":"2026-04-29T09:53:07","modified_gmt":"2026-04-29T09:53:07","slug":"thibaut-fromental-tg133","status":"publish","type":"lestherapeutes","link":"https:\/\/selftherapie.com\/en\/lestherapeutes\/thibaut-fromental-tg133\/","title":{"rendered":"Thibaut FROMENTAL"},"content":{"rendered":"<p>Passionn\u00e9 depuis toujours du fonctionnement de la vie, kin\u00e9 de premi\u00e8re formation, j&rsquo;ai rapidement compris qu&rsquo;il y avait un lien important entre le corps, l&rsquo;esprit et le coeur&#8230; et qu&rsquo;il \u00e9tait souvent incomplet d&rsquo;avoir une approche les s\u00e9parant.<\/p>\n<p>Je me suis donc int\u00e9ress\u00e9 depuis une dizaine d&rsquo;ann\u00e9e \u00e0 tout ce qui avait attrait au somato \u00e9motionnel, j&rsquo;ai compl\u00e9t\u00e9 mon parcours en faisant 3 \u00e9coles de coaching compl\u00e9mentaires, puis je me suis sp\u00e9cialis\u00e9 dans ces approches que sont l&rsquo;intelligence relationnelle avec Fran\u00e7ois Ledoze ainsi que la th\u00e9orie polyvagale avec D\u00e9borah Dana.<\/p>\n<p>N&rsquo;h\u00e9sitez pas \u00e0 faire un tour sur ma page de pr\u00e9sentation https:\/\/www.thibautfromental.com\/qui-suis-je-2\/<\/p>\n<p>We look forward to meeting you,<\/p>\n<p>Fromental Thibaut<\/p>","protected":false},"excerpt":{"rendered":"<p>Passionn\u00e9 depuis toujours du fonctionnement de la vie, kin\u00e9 de premi\u00e8re formation, j&rsquo;ai rapidement compris qu&rsquo;il y avait un lien important entre le corps, l&rsquo;esprit et le coeur&#8230; et qu&rsquo;il \u00e9tait souvent incomplet d&rsquo;avoir une approche les s\u00e9parant. Je me suis donc int\u00e9ress\u00e9 depuis une dizaine d&rsquo;ann\u00e9e \u00e0 tout ce qui avait attrait au somato [&hellip;]<\/p>\n","protected":false},"featured_media":0,"template":"","meta":{"_acf_changed":false},"statut_stf":[177],"seances_multilingues":[],"disponibilite":[138],"profession":[127],"competences_supplementaires":[],"consultation_a_distance":[136],"class_list":["post-9614","lestherapeutes","type-lestherapeutes","status-publish","hentry","statut_stf-therapeute-ir-en-parcours-senior","disponibilite-disponible","profession-psychopracticienne","consultation_a_distance-presentiel-et-a-distance","wpbf-post"],"acf":[],"_links":{"self":[{"href":"https:\/\/selftherapie.com\/en\/wp-json\/wp\/v2\/lestherapeutes\/9614","targetHints":{"allow":["GET"]}}],"collection":[{"href":"https:\/\/selftherapie.com\/en\/wp-json\/wp\/v2\/lestherapeutes"}],"about":[{"href":"https:\/\/selftherapie.com\/en\/wp-json\/wp\/v2\/types\/lestherapeutes"}],"wp:attachment":[{"href":"https:\/\/selftherapie.com\/en\/wp-json\/wp\/v2\/media?parent=9614"}],"wp:term":[{"taxonomy":"statut_stf","embeddable":true,"href":"https:\/\/selftherapie.com\/en\/wp-json\/wp\/v2\/statut_stf?post=9614"},{"taxonomy":"seances_multilingues","embeddable":true,"href":"https:\/\/selftherapie.com\/en\/wp-json\/wp\/v2\/seances_multilingues?post=9614"},{"taxonomy":"disponibilite","embeddable":true,"href":"https:\/\/selftherapie.com\/en\/wp-json\/wp\/v2\/disponibilite?post=9614"},{"taxonomy":"profession","embeddable":true,"href":"https:\/\/selftherapie.com\/en\/wp-json\/wp\/v2\/profession?post=9614"},{"taxonomy":"competences_supplementaires","embeddable":true,"href":"https:\/\/selftherapie.com\/en\/wp-json\/wp\/v2\/competences_supplementaires?post=9614"},{"taxonomy":"consultation_a_distance","embeddable":true,"href":"https:\/\/selftherapie.com\/en\/wp-json\/wp\/v2\/consultation_a_distance?post=9614"}],"curies":[{"name":"wp","href":"https:\/\/api.w.org\/{rel}","templated":true}]}}

<p>Passionné depuis toujours du fonctionnement de la vie, kiné de première formation, j&rsquo;ai rapidement compris qu&rsquo;il y avait un lien important entre le corps, l&rsquo;esprit et le coeur&#8230; et qu&rsquo;il était souvent incomplet d&rsquo;avoir une approche les séparant.</p>
<p>Je me suis donc intéressé depuis une dizaine d&rsquo;année à tout ce qui avait attrait au somato émotionnel, j&rsquo;ai complété mon parcours en faisant 3 écoles de coaching complémentaires, puis je me suis spécialisé dans ces approches que sont l&rsquo;intelligence relationnelle avec François Ledoze ainsi que la théorie polyvagale avec Déborah Dana.</p>
<p>N&rsquo;hésitez pas à faire un tour sur ma page de présentation https://www.thibautfromental.com/qui-suis-je-2/</p>
<p>We look forward to meeting you,</p>
<p>Fromental Thibaut</p>

<p>Passionné depuis toujours du fonctionnement de la vie, kiné de première formation, j&rsquo;ai rapidement compris qu&rsquo;il y avait un lien important entre le corps, l&rsquo;esprit et le coeur&#8230; et qu&rsquo;il était souvent incomplet d&rsquo;avoir une approche les séparant. Je me suis donc intéressé depuis une dizaine d&rsquo;année à tout ce qui avait attrait au somato [&hellip;]</p>
