{"id":9599,"date":"2026-04-29T09:53:06","date_gmt":"2026-04-29T09:53:06","guid":{"rendered":"https:\/\/selftherapie.com\/lestherapeutes\/elisa-freccero\/"},"modified":"2026-04-29T09:53:06","modified_gmt":"2026-04-29T09:53:06","slug":"elisa-freccero-tg118","status":"publish","type":"lestherapeutes","link":"https:\/\/selftherapie.com\/en\/lestherapeutes\/elisa-freccero-tg118\/","title":{"rendered":"Elisa FRECCERO"},"content":{"rendered":"<p style=\"margin:10px 0px;padding:0px;border:0px;font-size:1.1rem;line-height:1.4;font-family:Hind, sans-serif;vertical-align:baseline;color:#525252\">Riche de me diverses formations, de mes exp\u00e9riences de vie et de la nature r\u00e9siliente de mon \u00eatre, j&rsquo;ai \u00e0 c\u0153ur d&rsquo;accompagner les personnes morcel\u00e9es, en qu\u00eate d&rsquo;elle-m\u00eame, vers une r\u00e9conciliation, une r\u00e9unification et une pacification int\u00e9rieure.<\/p>\n<p style=\"margin:10px 0px;padding:0px;border:0px;font-size:1.1rem;line-height:1.4;font-family:Hind, sans-serif;vertical-align:baseline;color:#525252\">A psychotherapist with a scientific background, I offer face-to-face consultations in Vallauris (06) and near Cahors in the Lot region (46), as well as teleconsultations (videoconferencing), for those who are far away or do not wish to travel.<\/p>\n<p style=\"margin:10px 0px;padding:0px;border:0px;font-size:1.1rem;line-height:1.4;font-family:Hind, sans-serif;vertical-align:baseline;color:#525252\">My main areas of work are as follows:<\/p>\n<p style=\"margin:10px 0px;padding:0px;border:0px;font-size:1.1rem;line-height:1.4;font-family:Hind, sans-serif;vertical-align:baseline;color:#525252\">-Psychoth\u00e9rapie \u00ab\u00a0Intelligence Relationnelle\u00a0\u00bb<\/p>\n<p style=\"margin:10px 0px;padding:0px;border:0px;font-size:1.1rem;line-height:1.4;font-family:Hind, sans-serif;vertical-align:baseline;color:#525252\">-Internal conflict resolution,<\/p>\n<p style=\"margin:10px 0px;padding:0px;border:0px;font-size:1.1rem;line-height:1.4;font-family:Hind, sans-serif;vertical-align:baseline;color:#525252\">-Release from emotional suffering,<\/p>\n<p style=\"margin:10px 0px;padding:0px;border:0px;font-size:1.1rem;line-height:1.4;font-family:Hind, sans-serif;vertical-align:baseline;color:#525252\">-Troubles de l&rsquo;attachement et traumatismes,<\/p>\n<p style=\"margin:10px 0px;padding:0px;border:0px;font-size:1.1rem;line-height:1.4;font-family:Hind, sans-serif;vertical-align:baseline;color:#525252\">Psycho-education and self-knowledge,<\/p>\n<p style=\"margin:10px 0px;padding:0px;border:0px;font-size:1.1rem;line-height:1.4;font-family:Hind, sans-serif;vertical-align:baseline;color:#525252\">-A global, integrative approach to health.<\/p>\n<p style=\"margin:10px 0px;padding:0px;border:0px;font-size:1.1rem;line-height:1.4;font-family:Hind, sans-serif;vertical-align:baseline;color:#525252\">Detailed information is available on my website: www.elisa-freccero-psychotherapie.fr<\/p>\n<p style=\"margin:10px 0px;padding:0px;border:0px;font-size:1.1rem;line-height:1.4;font-family:Hind, sans-serif;vertical-align:baseline;color:#525252\">N&rsquo;h\u00e9sitez pas \u00e0 me contacter pour toutes demandes compl\u00e9mentaires.<\/p>\n<p style=\"margin:10px 0px;padding:0px;border:0px;font-size:1.1rem;line-height:1.4;font-family:Hind, sans-serif;vertical-align:baseline;color:#525252\">Yours sincerely, Elisa Freccero<\/p>","protected":false},"excerpt":{"rendered":"<p>Riche de me diverses formations, de mes exp\u00e9riences de vie et de la nature r\u00e9siliente de mon \u00eatre, j&rsquo;ai \u00e0 c\u0153ur d&rsquo;accompagner les personnes morcel\u00e9es, en qu\u00eate d&rsquo;elle-m\u00eame, vers une r\u00e9conciliation, une r\u00e9unification et une pacification int\u00e9rieure. Praticienne en psychoth\u00e9rapie, de formation scientifique \u00e0 la base, je propose des consultations en pr\u00e9sentiel sur Vallauris (06) [&hellip;]<\/p>\n","protected":false},"featured_media":0,"template":"","meta":{"_acf_changed":false},"statut_stf":[175],"seances_multilingues":[],"disponibilite":[126],"profession":[],"competences_supplementaires":[],"consultation_a_distance":[136],"class_list":["post-9599","lestherapeutes","type-lestherapeutes","status-publish","hentry","statut_stf-therapeute-ir-senior","disponibilite-autre-disponibilite","consultation_a_distance-presentiel-et-a-distance","wpbf-post"],"acf":[],"_links":{"self":[{"href":"https:\/\/selftherapie.com\/en\/wp-json\/wp\/v2\/lestherapeutes\/9599","targetHints":{"allow":["GET"]}}],"collection":[{"href":"https:\/\/selftherapie.com\/en\/wp-json\/wp\/v2\/lestherapeutes"}],"about":[{"href":"https:\/\/selftherapie.com\/en\/wp-json\/wp\/v2\/types\/lestherapeutes"}],"wp:attachment":[{"href":"https:\/\/selftherapie.com\/en\/wp-json\/wp\/v2\/media?parent=9599"}],"wp:term":[{"taxonomy":"statut_stf","embeddable":true,"href":"https:\/\/selftherapie.com\/en\/wp-json\/wp\/v2\/statut_stf?post=9599"},{"taxonomy":"seances_multilingues","embeddable":true,"href":"https:\/\/selftherapie.com\/en\/wp-json\/wp\/v2\/seances_multilingues?post=9599"},{"taxonomy":"disponibilite","embeddable":true,"href":"https:\/\/selftherapie.com\/en\/wp-json\/wp\/v2\/disponibilite?post=9599"},{"taxonomy":"profession","embeddable":true,"href":"https:\/\/selftherapie.com\/en\/wp-json\/wp\/v2\/profession?post=9599"},{"taxonomy":"competences_supplementaires","embeddable":true,"href":"https:\/\/selftherapie.com\/en\/wp-json\/wp\/v2\/competences_supplementaires?post=9599"},{"taxonomy":"consultation_a_distance","embeddable":true,"href":"https:\/\/selftherapie.com\/en\/wp-json\/wp\/v2\/consultation_a_distance?post=9599"}],"curies":[{"name":"wp","href":"https:\/\/api.w.org\/{rel}","templated":true}]}}

<p style="margin:10px 0px;padding:0px;border:0px;font-size:1.1rem;line-height:1.4;font-family:Hind, sans-serif;vertical-align:baseline;color:#525252">Riche de me diverses formations, de mes expériences de vie et de la nature résiliente de mon être, j&rsquo;ai à cœur d&rsquo;accompagner les personnes morcelées, en quête d&rsquo;elle-même, vers une réconciliation, une réunification et une pacification intérieure.</p>
<p style="margin:10px 0px;padding:0px;border:0px;font-size:1.1rem;line-height:1.4;font-family:Hind, sans-serif;vertical-align:baseline;color:#525252">A psychotherapist with a scientific background, I offer face-to-face consultations in Vallauris (06) and near Cahors in the Lot region (46), as well as teleconsultations (videoconferencing), for those who are far away or do not wish to travel.</p>
<p style="margin:10px 0px;padding:0px;border:0px;font-size:1.1rem;line-height:1.4;font-family:Hind, sans-serif;vertical-align:baseline;color:#525252">My main areas of work are as follows:</p>
<p style="margin:10px 0px;padding:0px;border:0px;font-size:1.1rem;line-height:1.4;font-family:Hind, sans-serif;vertical-align:baseline;color:#525252">-Psychothérapie « Intelligence Relationnelle »</p>
<p style="margin:10px 0px;padding:0px;border:0px;font-size:1.1rem;line-height:1.4;font-family:Hind, sans-serif;vertical-align:baseline;color:#525252">-Internal conflict resolution,</p>
<p style="margin:10px 0px;padding:0px;border:0px;font-size:1.1rem;line-height:1.4;font-family:Hind, sans-serif;vertical-align:baseline;color:#525252">-Release from emotional suffering,</p>
<p style="margin:10px 0px;padding:0px;border:0px;font-size:1.1rem;line-height:1.4;font-family:Hind, sans-serif;vertical-align:baseline;color:#525252">-Troubles de l&rsquo;attachement et traumatismes,</p>
<p style="margin:10px 0px;padding:0px;border:0px;font-size:1.1rem;line-height:1.4;font-family:Hind, sans-serif;vertical-align:baseline;color:#525252">Psycho-education and self-knowledge,</p>
<p style="margin:10px 0px;padding:0px;border:0px;font-size:1.1rem;line-height:1.4;font-family:Hind, sans-serif;vertical-align:baseline;color:#525252">-A global, integrative approach to health.</p>
<p style="margin:10px 0px;padding:0px;border:0px;font-size:1.1rem;line-height:1.4;font-family:Hind, sans-serif;vertical-align:baseline;color:#525252">Detailed information is available on my website: www.elisa-freccero-psychotherapie.fr</p>
<p style="margin:10px 0px;padding:0px;border:0px;font-size:1.1rem;line-height:1.4;font-family:Hind, sans-serif;vertical-align:baseline;color:#525252">N&rsquo;hésitez pas à me contacter pour toutes demandes complémentaires.</p>
<p style="margin:10px 0px;padding:0px;border:0px;font-size:1.1rem;line-height:1.4;font-family:Hind, sans-serif;vertical-align:baseline;color:#525252">Yours sincerely, Elisa Freccero</p>

<p>Riche de me diverses formations, de mes expériences de vie et de la nature résiliente de mon être, j&rsquo;ai à cœur d&rsquo;accompagner les personnes morcelées, en quête d&rsquo;elle-même, vers une réconciliation, une réunification et une pacification intérieure. Praticienne en psychothérapie, de formation scientifique à la base, je propose des consultations en présentiel sur Vallauris (06) [&hellip;]</p>
