{"id":20860,"date":"2026-04-29T07:11:40","date_gmt":"2026-04-29T07:11:40","guid":{"rendered":"https:\/\/selftherapie.com\/lestherapeutes\/veronique-bour-tg706-2\/"},"modified":"2026-04-29T07:11:41","modified_gmt":"2026-04-29T07:11:41","slug":"veronique-bour-tg706","status":"publish","type":"lestherapeutes","link":"https:\/\/selftherapie.com\/en\/lestherapeutes\/veronique-bour-tg706\/","title":{"rendered":"V\u00e9ronique BOUR"},"content":{"rendered":"<p><span style=\"font-weight:bold\">Combining IR and CNV<\/span>, I offer support that :<\/p>\n<p>&#8211; accueille les parties bless\u00e9es et protectrices<\/p>\n<p>&#8211; soutient la <span style=\"font-weight:bold\">co-regulation<\/span> the nervous system<\/p>\n<p>&#8211; et aide \u00e0 construire un <span style=\"font-weight:bold\">more secure attachment<\/span> in our relationship with ourselves and others.<\/p>\n<p>\u00a0<\/p>\n<p><span style=\"font-weight:bold\">Th\u00e9matiques d&rsquo;accompagnement<\/span><\/p>\n<p>&#8211; troubles de l&rsquo;attachement, d\u00e9pendance affective<\/p>\n<p>&#8211; deuils, ruptures, blessures de rejet et d&rsquo;abandon<\/p>\n<p>&#8211; r\u00e9gulation \u00e9motionnelle (hypersensibilit\u00e9, d\u00e9bordements, figement)<\/p>\n<p>\u00a0<\/p>\n<p>My intention is to create a framework <span style=\"font-weight:bold\">safe, warm and structured,<\/span> where you can experience a more dependable and well-adjusted relationship.<\/p>\n<p>\u00a0<\/p>\n<p><span style=\"font-weight:bold\">Session duration: 1 hour (60 minutes)<\/span><\/p>\n<p><span style=\"font-weight:bold\">Price: 60 euros per session<\/span><\/p>\n<p><span style=\"font-weight:bold\">Face-to-face and video sessions<\/span><\/p>","protected":false},"excerpt":{"rendered":"<p>En combinant IR et CNV, je propose un accompagnement qui : &#8211; accueille les parties bless\u00e9es et protectrices &#8211; soutient la cor\u00e9gulation du syst\u00e8me nerveux &#8211; et aide \u00e0 construire un attachement plus s\u00e9curis\u00e9 dans la relation \u00e0 soi et aux autres. \u00a0 Th\u00e9matiques d&rsquo;accompagnement &#8211; troubles de l&rsquo;attachement, d\u00e9pendance affective &#8211; deuils, ruptures, blessures [&hellip;]<\/p>\n","protected":false},"featured_media":0,"template":"","meta":{"_acf_changed":false},"statut_stf":[152],"seances_multilingues":[],"disponibilite":[138],"profession":[131],"competences_supplementaires":[],"consultation_a_distance":[136],"class_list":["post-20860","lestherapeutes","type-lestherapeutes","status-publish","hentry","statut_stf-therapeute-ir-en-parcours-junior","disponibilite-disponible","profession-psychotherapeute","consultation_a_distance-presentiel-et-a-distance","wpbf-post"],"acf":[],"_links":{"self":[{"href":"https:\/\/selftherapie.com\/en\/wp-json\/wp\/v2\/lestherapeutes\/20860","targetHints":{"allow":["GET"]}}],"collection":[{"href":"https:\/\/selftherapie.com\/en\/wp-json\/wp\/v2\/lestherapeutes"}],"about":[{"href":"https:\/\/selftherapie.com\/en\/wp-json\/wp\/v2\/types\/lestherapeutes"}],"wp:attachment":[{"href":"https:\/\/selftherapie.com\/en\/wp-json\/wp\/v2\/media?parent=20860"}],"wp:term":[{"taxonomy":"statut_stf","embeddable":true,"href":"https:\/\/selftherapie.com\/en\/wp-json\/wp\/v2\/statut_stf?post=20860"},{"taxonomy":"seances_multilingues","embeddable":true,"href":"https:\/\/selftherapie.com\/en\/wp-json\/wp\/v2\/seances_multilingues?post=20860"},{"taxonomy":"disponibilite","embeddable":true,"href":"https:\/\/selftherapie.com\/en\/wp-json\/wp\/v2\/disponibilite?post=20860"},{"taxonomy":"profession","embeddable":true,"href":"https:\/\/selftherapie.com\/en\/wp-json\/wp\/v2\/profession?post=20860"},{"taxonomy":"competences_supplementaires","embeddable":true,"href":"https:\/\/selftherapie.com\/en\/wp-json\/wp\/v2\/competences_supplementaires?post=20860"},{"taxonomy":"consultation_a_distance","embeddable":true,"href":"https:\/\/selftherapie.com\/en\/wp-json\/wp\/v2\/consultation_a_distance?post=20860"}],"curies":[{"name":"wp","href":"https:\/\/api.w.org\/{rel}","templated":true}]}}

Véronique BOUR

<p><span style="font-weight:bold">Combining IR and CNV</span>, I offer support that :</p>
<p>&#8211; accueille les parties blessées et protectrices</p>
<p>&#8211; soutient la <span style="font-weight:bold">co-regulation</span> the nervous system</p>
<p>&#8211; et aide à construire un <span style="font-weight:bold">more secure attachment</span> in our relationship with ourselves and others.</p>
<p> </p>
<p><span style="font-weight:bold">Thématiques d&rsquo;accompagnement</span></p>
<p>&#8211; troubles de l&rsquo;attachement, dépendance affective</p>
<p>&#8211; deuils, ruptures, blessures de rejet et d&rsquo;abandon</p>
<p>&#8211; régulation émotionnelle (hypersensibilité, débordements, figement)</p>
<p> </p>
<p>My intention is to create a framework <span style="font-weight:bold">safe, warm and structured,</span> where you can experience a more dependable and well-adjusted relationship.</p>
<p> </p>
<p><span style="font-weight:bold">Session duration: 1 hour (60 minutes)</span></p>
<p><span style="font-weight:bold">Price: 60 euros per session</span></p>
<p><span style="font-weight:bold">Face-to-face and video sessions</span></p>

<p>En combinant IR et CNV, je propose un accompagnement qui : &#8211; accueille les parties blessées et protectrices &#8211; soutient la corégulation du système nerveux &#8211; et aide à construire un attachement plus sécurisé dans la relation à soi et aux autres.   Thématiques d&rsquo;accompagnement &#8211; troubles de l&rsquo;attachement, dépendance affective &#8211; deuils, ruptures, blessures [&hellip;]</p>
