{"id":20347,"date":"2026-04-29T09:53:09","date_gmt":"2026-04-29T09:53:09","guid":{"rendered":"https:\/\/selftherapie.com\/lestherapeutes\/florence-denieul-tg489-2\/"},"modified":"2026-04-29T09:53:09","modified_gmt":"2026-04-29T09:53:09","slug":"florence-denieul-tg489","status":"publish","type":"lestherapeutes","link":"https:\/\/selftherapie.com\/en\/lestherapeutes\/florence-denieul-tg489\/","title":{"rendered":"Florence DENIEUL"},"content":{"rendered":"<p>The following situations can be a good starting point for support:<\/p>\n<p>&#8211; perte d&rsquo;\u00e9nergie chronique<\/p>\n<p>&#8211; fond anxieux, m\u00eame quand \u00ab\u00a0tout va bien\u00a0\u00bb<\/p>\n<p>&#8211; difficult\u00e9 \u00e0 vivre pleinement le moment pr\u00e9sent<\/p>\n<p>&#8211; difficult\u00e9s relationnelles r\u00e9currentes en famille, dans le couple, au travail<\/p>\n<p>&#8211; difficult\u00e9 \u00e0 se d\u00e9faire de r\u00e9actions\/comportements automatiques<\/p>\n<p>&#8211; incapacit\u00e9 \u00e0 poser des limites<\/p>","protected":false},"excerpt":{"rendered":"<p>Les situations suivantes peuvent \u00eatre un bon point de d\u00e9part \u00e0 un accompagnement : &#8211; perte d&rsquo;\u00e9nergie chronique &#8211; fond anxieux, m\u00eame quand \u00ab\u00a0tout va bien\u00a0\u00bb &#8211; difficult\u00e9 \u00e0 vivre pleinement le moment pr\u00e9sent &#8211; difficult\u00e9s relationnelles r\u00e9currentes en famille, dans le couple, au travail &#8211; difficult\u00e9 \u00e0 se d\u00e9faire de r\u00e9actions\/comportements automatiques &#8211; incapacit\u00e9 [&hellip;]<\/p>\n","protected":false},"featured_media":0,"template":"","meta":{"_acf_changed":false},"statut_stf":[152],"seances_multilingues":[],"disponibilite":[138],"profession":[127],"competences_supplementaires":[],"consultation_a_distance":[136],"class_list":["post-20347","lestherapeutes","type-lestherapeutes","status-publish","hentry","statut_stf-therapeute-ir-en-parcours-junior","disponibilite-disponible","profession-psychopracticienne","consultation_a_distance-presentiel-et-a-distance","wpbf-post"],"acf":[],"_links":{"self":[{"href":"https:\/\/selftherapie.com\/en\/wp-json\/wp\/v2\/lestherapeutes\/20347","targetHints":{"allow":["GET"]}}],"collection":[{"href":"https:\/\/selftherapie.com\/en\/wp-json\/wp\/v2\/lestherapeutes"}],"about":[{"href":"https:\/\/selftherapie.com\/en\/wp-json\/wp\/v2\/types\/lestherapeutes"}],"wp:attachment":[{"href":"https:\/\/selftherapie.com\/en\/wp-json\/wp\/v2\/media?parent=20347"}],"wp:term":[{"taxonomy":"statut_stf","embeddable":true,"href":"https:\/\/selftherapie.com\/en\/wp-json\/wp\/v2\/statut_stf?post=20347"},{"taxonomy":"seances_multilingues","embeddable":true,"href":"https:\/\/selftherapie.com\/en\/wp-json\/wp\/v2\/seances_multilingues?post=20347"},{"taxonomy":"disponibilite","embeddable":true,"href":"https:\/\/selftherapie.com\/en\/wp-json\/wp\/v2\/disponibilite?post=20347"},{"taxonomy":"profession","embeddable":true,"href":"https:\/\/selftherapie.com\/en\/wp-json\/wp\/v2\/profession?post=20347"},{"taxonomy":"competences_supplementaires","embeddable":true,"href":"https:\/\/selftherapie.com\/en\/wp-json\/wp\/v2\/competences_supplementaires?post=20347"},{"taxonomy":"consultation_a_distance","embeddable":true,"href":"https:\/\/selftherapie.com\/en\/wp-json\/wp\/v2\/consultation_a_distance?post=20347"}],"curies":[{"name":"wp","href":"https:\/\/api.w.org\/{rel}","templated":true}]}}

<p>The following situations can be a good starting point for support:</p>
<p>&#8211; perte d&rsquo;énergie chronique</p>
<p>&#8211; fond anxieux, même quand « tout va bien »</p>
<p>&#8211; difficulté à vivre pleinement le moment présent</p>
<p>&#8211; difficultés relationnelles récurrentes en famille, dans le couple, au travail</p>
<p>&#8211; difficulté à se défaire de réactions/comportements automatiques</p>
<p>&#8211; incapacité à poser des limites</p>

<p>Les situations suivantes peuvent être un bon point de départ à un accompagnement : &#8211; perte d&rsquo;énergie chronique &#8211; fond anxieux, même quand « tout va bien » &#8211; difficulté à vivre pleinement le moment présent &#8211; difficultés relationnelles récurrentes en famille, dans le couple, au travail &#8211; difficulté à se défaire de réactions/comportements automatiques &#8211; incapacité [&hellip;]</p>
