{"id":20079,"date":"2026-04-29T09:53:15","date_gmt":"2026-04-29T09:53:15","guid":{"rendered":"https:\/\/selftherapie.com\/lestherapeutes\/anne-bastide-tg397-2\/"},"modified":"2026-04-29T09:53:15","modified_gmt":"2026-04-29T09:53:15","slug":"anne-bastide-tg397","status":"publish","type":"lestherapeutes","link":"https:\/\/selftherapie.com\/en\/lestherapeutes\/anne-bastide-tg397\/","title":{"rendered":"Anne BASTIDE"},"content":{"rendered":"<p>My name is Anne Bastide and I'm 42. <\/p>\n<p>\u00a0<\/p>\n<p>I'm here, and happy to be here to accompany you<\/p>\n<p>\u00a0<\/p>\n<p>Ever since I was a child, what has fascinated me, what makes me feel alive, is what goes on inside a human being, and what happens between us, human beings. Through introspection, reading, psychoanalysis and therapy, I'm taming my inner world.<\/p>\n<p>My professional life began in music (I initially trained as a lyric singer (studied in Paris, then at London's Guildhall School of Music and Drama) as a lyric singer and singing teacher.<\/p>\n<p>It's an intense, demanding job, and at the same time, I'm gradually becoming aware that it's not nourishing me as much as I'd hoped, and that I'm not getting the fulfillment I'd hoped for. It was a turbulent time for me, as I was very much identified with my job.<\/p>\n<p>\u00a0<\/p>\n<p>My path becomes clearer when I turn within myself and hear the impetus to live a profession centered on relationships with others and care.<\/p>\n<p>\u00a0<\/p>\n<p>I entered the helping and accompanying professions as a nurse, first in the hospital and then in private practice, while at the same time starting to train in Non-Violent Communication\u00ae (a process I've been training for continuously since 2019).<\/p>\n<p>\u00a0<\/p>\n<p>Mon chemin d\u2019accompagnante s&rsquo;\u00e9largit avec avec la formation de <span style=\"font-style:italic\">Coaching professionnel et d\u00e9marches de l&rsquo;accompagnement de la personne<\/span> de l\u2019Universit\u00e9 Catholique de l&rsquo;Ouest,<\/p>\n<p>et s&rsquo;approfondit avec l&rsquo;apprentissage du mod\u00e8le th\u00e9rapeutique de l\u2019IR\u00ae, \u00e0 laquelle je suis form\u00e9e et continue de me former avec beaucoup de joie.<\/p>\n<p>Ce que j&rsquo;ai aim\u00e9 imm\u00e9diatement en d\u00e9couvrant l&rsquo;IR, c&rsquo;est la d\u00e9culpabilisation qu&rsquo;elle offre : les r\u00e9actions neuro-biologiques, \u00e9motions, pens\u00e9es, ne sont pas choisies par la personne, elles sont inscrites dans un syst\u00e8me nerveux dit \u00ab\u00a0autonome\u00a0\u00bb sur lequel nous n&rsquo;avons pas la main. <\/p>\n<p>A partir de cet endroit d&rsquo;observation, c&rsquo;est la relation au, \u00e0 la th\u00e9rapeute qui va permettre un retour \u00e0 la s\u00e9curit\u00e9 et la recalibration du SNA, gr\u00e2ce \u00e0 des exp\u00e9riences relationnelles r\u00e9paratrices.<\/p>\n<p>\u00a0<\/p>","protected":false},"excerpt":{"rendered":"<p>Je m\u2019appelle Anne Bastide et j\u2019ai 42 ans. \u00a0 Je suis l\u00e0, et heureuse d\u2019\u00eatre l\u00e0 pour vous accompagner \u00a0 Depuis enfant, ce qui me passionne, ce qui me fait me sentir vivante, c\u2019est ce qui se passe \u00e0 l\u2019int\u00e9rieur d\u2019un.e \u00eatre humain.e, et ce qu\u2019il se passe entre nous, \u00eatres humain.e.s. Par l\u2019introspection, les [&hellip;]<\/p>\n","protected":false},"featured_media":0,"template":"","meta":{"_acf_changed":false},"statut_stf":[152],"seances_multilingues":[],"disponibilite":[138],"profession":[],"competences_supplementaires":[],"consultation_a_distance":[136],"class_list":["post-20079","lestherapeutes","type-lestherapeutes","status-publish","hentry","statut_stf-therapeute-ir-en-parcours-junior","disponibilite-disponible","consultation_a_distance-presentiel-et-a-distance","wpbf-post"],"acf":[],"_links":{"self":[{"href":"https:\/\/selftherapie.com\/en\/wp-json\/wp\/v2\/lestherapeutes\/20079","targetHints":{"allow":["GET"]}}],"collection":[{"href":"https:\/\/selftherapie.com\/en\/wp-json\/wp\/v2\/lestherapeutes"}],"about":[{"href":"https:\/\/selftherapie.com\/en\/wp-json\/wp\/v2\/types\/lestherapeutes"}],"wp:attachment":[{"href":"https:\/\/selftherapie.com\/en\/wp-json\/wp\/v2\/media?parent=20079"}],"wp:term":[{"taxonomy":"statut_stf","embeddable":true,"href":"https:\/\/selftherapie.com\/en\/wp-json\/wp\/v2\/statut_stf?post=20079"},{"taxonomy":"seances_multilingues","embeddable":true,"href":"https:\/\/selftherapie.com\/en\/wp-json\/wp\/v2\/seances_multilingues?post=20079"},{"taxonomy":"disponibilite","embeddable":true,"href":"https:\/\/selftherapie.com\/en\/wp-json\/wp\/v2\/disponibilite?post=20079"},{"taxonomy":"profession","embeddable":true,"href":"https:\/\/selftherapie.com\/en\/wp-json\/wp\/v2\/profession?post=20079"},{"taxonomy":"competences_supplementaires","embeddable":true,"href":"https:\/\/selftherapie.com\/en\/wp-json\/wp\/v2\/competences_supplementaires?post=20079"},{"taxonomy":"consultation_a_distance","embeddable":true,"href":"https:\/\/selftherapie.com\/en\/wp-json\/wp\/v2\/consultation_a_distance?post=20079"}],"curies":[{"name":"wp","href":"https:\/\/api.w.org\/{rel}","templated":true}]}}

<p>My name is Anne Bastide and I'm 42. </p>
<p> </p>
<p>I'm here, and happy to be here to accompany you</p>
<p> </p>
<p>Ever since I was a child, what has fascinated me, what makes me feel alive, is what goes on inside a human being, and what happens between us, human beings. Through introspection, reading, psychoanalysis and therapy, I'm taming my inner world.</p>
<p>My professional life began in music (I initially trained as a lyric singer (studied in Paris, then at London's Guildhall School of Music and Drama) as a lyric singer and singing teacher.</p>
<p>It's an intense, demanding job, and at the same time, I'm gradually becoming aware that it's not nourishing me as much as I'd hoped, and that I'm not getting the fulfillment I'd hoped for. It was a turbulent time for me, as I was very much identified with my job.</p>
<p> </p>
<p>My path becomes clearer when I turn within myself and hear the impetus to live a profession centered on relationships with others and care.</p>
<p> </p>
<p>I entered the helping and accompanying professions as a nurse, first in the hospital and then in private practice, while at the same time starting to train in Non-Violent Communication® (a process I've been training for continuously since 2019).</p>
<p> </p>
<p>Mon chemin d’accompagnante s&rsquo;élargit avec avec la formation de <span style="font-style:italic">Coaching professionnel et démarches de l&rsquo;accompagnement de la personne</span> de l’Université Catholique de l&rsquo;Ouest,</p>
<p>et s&rsquo;approfondit avec l&rsquo;apprentissage du modèle thérapeutique de l’IR®, à laquelle je suis formée et continue de me former avec beaucoup de joie.</p>
<p>Ce que j&rsquo;ai aimé immédiatement en découvrant l&rsquo;IR, c&rsquo;est la déculpabilisation qu&rsquo;elle offre : les réactions neuro-biologiques, émotions, pensées, ne sont pas choisies par la personne, elles sont inscrites dans un système nerveux dit « autonome » sur lequel nous n&rsquo;avons pas la main. </p>
<p>A partir de cet endroit d&rsquo;observation, c&rsquo;est la relation au, à la thérapeute qui va permettre un retour à la sécurité et la recalibration du SNA, grâce à des expériences relationnelles réparatrices.</p>
<p> </p>

<p>Je m’appelle Anne Bastide et j’ai 42 ans.   Je suis là, et heureuse d’être là pour vous accompagner   Depuis enfant, ce qui me passionne, ce qui me fait me sentir vivante, c’est ce qui se passe à l’intérieur d’un.e être humain.e, et ce qu’il se passe entre nous, êtres humain.e.s. Par l’introspection, les [&hellip;]</p>
