{"id":13191,"date":"2026-04-29T07:11:38","date_gmt":"2026-04-29T07:11:38","guid":{"rendered":"https:\/\/selftherapie.com\/lestherapeutes\/constance-bouruet-aubertot-tg343\/"},"modified":"2026-04-29T07:11:39","modified_gmt":"2026-04-29T07:11:39","slug":"constance-bouruet-aubertot-tg343","status":"publish","type":"lestherapeutes","link":"https:\/\/selftherapie.com\/en\/lestherapeutes\/constance-bouruet-aubertot-tg343\/","title":{"rendered":"Constance BOURUET AUBERTOT"},"content":{"rendered":"<p>Th\u00e9rapeute en Intelligence Relationnelle depuis 2021 et m\u00e9diatrice depuis 2015, j&rsquo;accompagne des personnes et des groupes dans les difficult\u00e9s relationnelles qu&rsquo;ils rencontrent avec eux-m\u00eames et leur entourage (personnelles comme professionnelles).<\/p>\n<p>As a former labor lawyer and HR director, I am familiar with the corporate world, where I regularly take part in interpersonal and collective mediations and run workshops on the theme of quality of life at work.<\/p>\n<p>C&rsquo;est \u00e0 l&rsquo;occasion de mon propre parcours que j&rsquo;ai d\u00e9couvert et exp\u00e9riment\u00e9 le mod\u00e8le IR qui a transform\u00e9 ma relation \u00e0 moi-m\u00eame et \u00e0 mon entourage.<\/p>\n<p>\u00a0<\/p>\n<p>I provide face-to-face support in my Paris office (next to the Saint Lazare train station) and remote support via videoconferencing for anyone wishing to overcome a blockage or malaise.<\/p>","protected":false},"excerpt":{"rendered":"<p>Th\u00e9rapeute en Intelligence Relationnelle depuis 2021 et m\u00e9diatrice depuis 2015, j&rsquo;accompagne des personnes et des groupes dans les difficult\u00e9s relationnelles qu&rsquo;ils rencontrent avec eux-m\u00eames et leur entourage (personnelles comme professionnelles). Ancienne avocate en droit du travail et DRH, je connais bien le monde de l\u2019entreprise dans lequel j\u2019interviens r\u00e9guli\u00e8rement pour des m\u00e9diations interpersonnelles et collectives [&hellip;]<\/p>\n","protected":false},"featured_media":0,"template":"","meta":{"_acf_changed":false},"statut_stf":[152],"seances_multilingues":[],"disponibilite":[138],"profession":[127],"competences_supplementaires":[],"consultation_a_distance":[136],"class_list":["post-13191","lestherapeutes","type-lestherapeutes","status-publish","hentry","statut_stf-therapeute-ir-en-parcours-junior","disponibilite-disponible","profession-psychopracticienne","consultation_a_distance-presentiel-et-a-distance","wpbf-post"],"acf":[],"_links":{"self":[{"href":"https:\/\/selftherapie.com\/en\/wp-json\/wp\/v2\/lestherapeutes\/13191","targetHints":{"allow":["GET"]}}],"collection":[{"href":"https:\/\/selftherapie.com\/en\/wp-json\/wp\/v2\/lestherapeutes"}],"about":[{"href":"https:\/\/selftherapie.com\/en\/wp-json\/wp\/v2\/types\/lestherapeutes"}],"wp:attachment":[{"href":"https:\/\/selftherapie.com\/en\/wp-json\/wp\/v2\/media?parent=13191"}],"wp:term":[{"taxonomy":"statut_stf","embeddable":true,"href":"https:\/\/selftherapie.com\/en\/wp-json\/wp\/v2\/statut_stf?post=13191"},{"taxonomy":"seances_multilingues","embeddable":true,"href":"https:\/\/selftherapie.com\/en\/wp-json\/wp\/v2\/seances_multilingues?post=13191"},{"taxonomy":"disponibilite","embeddable":true,"href":"https:\/\/selftherapie.com\/en\/wp-json\/wp\/v2\/disponibilite?post=13191"},{"taxonomy":"profession","embeddable":true,"href":"https:\/\/selftherapie.com\/en\/wp-json\/wp\/v2\/profession?post=13191"},{"taxonomy":"competences_supplementaires","embeddable":true,"href":"https:\/\/selftherapie.com\/en\/wp-json\/wp\/v2\/competences_supplementaires?post=13191"},{"taxonomy":"consultation_a_distance","embeddable":true,"href":"https:\/\/selftherapie.com\/en\/wp-json\/wp\/v2\/consultation_a_distance?post=13191"}],"curies":[{"name":"wp","href":"https:\/\/api.w.org\/{rel}","templated":true}]}}

<p>Thérapeute en Intelligence Relationnelle depuis 2021 et médiatrice depuis 2015, j&rsquo;accompagne des personnes et des groupes dans les difficultés relationnelles qu&rsquo;ils rencontrent avec eux-mêmes et leur entourage (personnelles comme professionnelles).</p>
<p>As a former labor lawyer and HR director, I am familiar with the corporate world, where I regularly take part in interpersonal and collective mediations and run workshops on the theme of quality of life at work.</p>
<p>C&rsquo;est à l&rsquo;occasion de mon propre parcours que j&rsquo;ai découvert et expérimenté le modèle IR qui a transformé ma relation à moi-même et à mon entourage.</p>
<p> </p>
<p>I provide face-to-face support in my Paris office (next to the Saint Lazare train station) and remote support via videoconferencing for anyone wishing to overcome a blockage or malaise.</p>

<p>Thérapeute en Intelligence Relationnelle depuis 2021 et médiatrice depuis 2015, j&rsquo;accompagne des personnes et des groupes dans les difficultés relationnelles qu&rsquo;ils rencontrent avec eux-mêmes et leur entourage (personnelles comme professionnelles). Ancienne avocate en droit du travail et DRH, je connais bien le monde de l’entreprise dans lequel j’interviens régulièrement pour des médiations interpersonnelles et collectives [&hellip;]</p>
